{"id":28809,"date":"2026-03-22T22:34:30","date_gmt":"2026-03-22T22:34:30","guid":{"rendered":"https:\/\/pematekfcvac.unisel.edu.my\/?page_id=28809"},"modified":"2026-03-22T22:34:30","modified_gmt":"2026-03-22T22:34:30","slug":"a-tadalista-super-active-megertese-osszetetel-es-felhasznalas","status":"publish","type":"page","link":"https:\/\/pematekfcvac.unisel.edu.my\/?page_id=28809","title":{"rendered":"A Tadalista Super Active meg\u00e9rt\u00e9se: \u00d6sszet\u00e9tel \u00e9s felhaszn\u00e1l\u00e1s"},"content":{"rendered":"","protected":false},"excerpt":{"rendered":"","protected":false},"author":1,"featured_media":0,"parent":0,"menu_order":0,"comment_status":"closed","ping_status":"closed","template":"","meta":{"footnotes":""},"class_list":["post-28809","page","type-page","status-publish","hentry"],"_links":{"self":[{"href":"https:\/\/pematekfcvac.unisel.edu.my\/index.php?rest_route=\/wp\/v2\/pages\/28809","targetHints":{"allow":["GET"]}}],"collection":[{"href":"https:\/\/pematekfcvac.unisel.edu.my\/index.php?rest_route=\/wp\/v2\/pages"}],"about":[{"href":"https:\/\/pematekfcvac.unisel.edu.my\/index.php?rest_route=\/wp\/v2\/types\/page"}],"author":[{"embeddable":true,"href":"https:\/\/pematekfcvac.unisel.edu.my\/index.php?rest_route=\/wp\/v2\/users\/1"}],"replies":[{"embeddable":true,"href":"https:\/\/pematekfcvac.unisel.edu.my\/index.php?rest_route=%2Fwp%2Fv2%2Fcomments&post=28809"}],"version-history":[{"count":1,"href":"https:\/\/pematekfcvac.unisel.edu.my\/index.php?rest_route=\/wp\/v2\/pages\/28809\/revisions"}],"predecessor-version":[{"id":28810,"href":"https:\/\/pematekfcvac.unisel.edu.my\/index.php?rest_route=\/wp\/v2\/pages\/28809\/revisions\/28810"}],"wp:attachment":[{"href":"https:\/\/pematekfcvac.unisel.edu.my\/index.php?rest_route=%2Fwp%2Fv2%2Fmedia&parent=28809"}],"curies":[{"name":"wp","href":"https:\/\/api.w.org\/{rel}","templated":true}]}}