{"id":30464,"date":"2026-03-23T15:37:37","date_gmt":"2026-03-23T15:37:37","guid":{"rendered":"https:\/\/pematekfcvac.unisel.edu.my\/?page_id=30464"},"modified":"2026-03-23T15:37:37","modified_gmt":"2026-03-23T15:37:37","slug":"jakie-skladniki-aktywne-zawiera-kamagra-polo","status":"publish","type":"page","link":"https:\/\/pematekfcvac.unisel.edu.my\/?page_id=30464","title":{"rendered":"Jakie sk\u0142adniki aktywne zawiera Kamagra Polo?"},"content":{"rendered":"<h1>Cz\u0119sto zadawane pytania dotycz\u0105ce Kamagry Polo<\/h1>\n<p>Kamagra Polo, popularny lek na zaburzenia erekcji, rodzi wiele pyta\u0144 dotycz\u0105cych jego stosowania, sk\u0142adnik\u00f3w i bezpiecze\u0144stwa, kt\u00f3re om\u00f3wimy w tym obszernym przewodniku.<\/p>\n<h2>Co to jest Kamagra Polo?<\/h2>\n<p>Kamagra Polo to doustny lek do \u017cucia stosowany w leczeniu zaburze\u0144 erekcji (ED) u m\u0119\u017cczyzn. Znany jest z \u0142atwo\u015bci u\u017cycia i szybkiego pocz\u0105tku dzia\u0142ania w por\u00f3wnaniu do tradycyjnych tabletek ED. Dost\u0119pny w kszta\u0142cie polo, stanowi dyskretn\u0105 alternatyw\u0119 dla os\u00f3b poszukuj\u0105cych leczenia impotencji.<\/p>\n<p>Lek jest generyczn\u0105 form\u0105 Viagry, oferuj\u0105c\u0105 ta\u0144sz\u0105 opcj\u0119 przy zachowaniu podobnej skuteczno\u015bci w leczeniu zaburze\u0144 erekcji. Jego popularno\u015b\u0107 wynika z wygodnego podawania i zmniejszonego zapotrzebowania na wod\u0119, co czyni go atrakcyjnym wyborem dla wielu u\u017cytkownik\u00f3w poszukuj\u0105cych natychmiastowych rezultat\u00f3w.<\/p>\n<h2>Jak dzia\u0142a Kamagra Polo?<\/h2>\n<p>Kamagra Polo dzia\u0142a poprzez zwi\u0119kszenie przep\u0142ywu krwi do penisa, co jest niezb\u0119dne do osi\u0105gni\u0119cia i utrzymania erekcji. Substancja czynna, cytrynian sildenafilu, hamuje enzym fosfodiesterazy typu 5 (PDE5). To hamowanie pozwala na rozlu\u017anienie naczy\u0144 krwiono\u015bnych, u\u0142atwiaj\u0105c zwi\u0119kszony przep\u0142yw krwi do obszaru po stymulacji seksualnej.<\/p>\n<p>Proces ten imituje naturalny mechanizm erekcji organizmu, zapewniaj\u0105c, \u017ce u\u017cytkownicy mog\u0105 osi\u0105gn\u0105\u0107 erekcj\u0119 tylko w odpowiedzi na podniecenie seksualne. Warto zaznaczy\u0107, \u017ce Kamagra Polo nie zwi\u0119ksza pop\u0119du seksualnego, a raczej pomaga poprawi\u0107 fizjologiczn\u0105 zdolno\u015b\u0107 do podejmowania aktywno\u015bci seksualnej.<\/p>\n<h2>Jakie sk\u0142adniki aktywne zawiera Kamagra Polo?<\/h2>\n<p>G\u0142\u00f3wnym sk\u0142adnikiem aktywnym Kamagry Polo jest cytrynian sildenafilu, dobrze znany inhibitor fosfodiesterazy typu 5 (PDE5). Cytrynian sildenafilu to ten sam aktywny sk\u0142adnik, kt\u00f3ry znajduje si\u0119 w Viagrze, oryginalnym markowym leku na zaburzenia erekcji.<\/p>\n<p>Kamagra Polo mo\u017ce r\u00f3wnie\u017c zawiera\u0107 r\u00f3\u017cne nieaktywne sk\u0142adniki maj\u0105ce na celu popraw\u0119 smaku i stabilno\u015bci, takie jak s\u0142odziki i \u015brodki aromatyzuj\u0105ce. Nie wp\u0142ywaj\u0105 one na skuteczno\u015b\u0107 leku, ale wp\u0142ywaj\u0105 na jego form\u0119 do \u017cucia i smakowito\u015b\u0107.<\/p>\n<h2>Jak nale\u017cy za\u017cywa\u0107 Kamagr\u0119 Polo?<\/h2>\n<p>Kamagr\u0119 Polo nale\u017cy przyjmowa\u0107 doustnie, zazwyczaj 15 do 30 minut przed przewidywan\u0105 aktywno\u015bci\u0105 seksualn\u0105. Tabletka do \u017cucia pozwala na szybsze wch\u0142anianie do krwioobiegu, co prowadzi do szybszego wyst\u0105pienia efekt\u00f3w w por\u00f3wnaniu do tradycyjnych tabletek.<\/p>\n<p>Zaleca si\u0119 nie przyjmowa\u0107 wi\u0119cej ni\u017c jednej tabletki w ci\u0105gu 24 godzin. U\u017cytkownicy powinni powstrzyma\u0107 si\u0119 od spo\u017cywania du\u017cych i ci\u0119\u017ckich posi\u0142k\u00f3w przed za\u017cyciem leku, poniewa\u017c mo\u017ce to op\u00f3\u017ani\u0107 jego skuteczno\u015b\u0107. Aby zapewni\u0107 optymalne dzia\u0142anie leku, nale\u017cy r\u00f3wnie\u017c ograniczy\u0107 spo\u017cycie alkoholu.<\/p>\n<h2>Czy s\u0105 jakie\u015b potencjalne skutki uboczne Kamagry Polo?<\/h2>\n<p>Jak ka\u017cdy lek, Kamagra Polo mo\u017ce powodowa\u0107 dzia\u0142ania niepo\u017c\u0105dane, chocia\u017c nie u ka\u017cdego one wyst\u0105pi\u0105. Cz\u0119ste dzia\u0142ania niepo\u017c\u0105dane obejmuj\u0105 b\u00f3le g\u0142owy, zaczerwienienie twarzy, niestrawno\u015b\u0107 i przekrwienie nosa. S\u0105 one na og\u00f3\u0142 \u0142agodne i zwykle ust\u0119puj\u0105 w miar\u0119 dostosowywania si\u0119 organizmu do leku.<\/p>\n<p>Mniej powszechne, ale powa\u017cniejsze dzia\u0142ania niepo\u017c\u0105dane <a href=\"https:\/\/komfortzdrowia.com\/kamagra-polo-bez-recepty\">https:\/\/komfortzdrowia.com\/kamagra-polo-bez-recepty<\/a> mog\u0105 obejmowa\u0107 zmiany wzroku, nag\u0142\u0105 utrat\u0119 s\u0142uchu lub erekcj\u0119 trwaj\u0105c\u0105 d\u0142u\u017cej ni\u017c cztery godziny, zwane priapizmem. Je\u015bli wyst\u0105pi kt\u00f3rykolwiek z nich, konieczna jest natychmiastowa pomoc lekarska, aby zapobiec d\u0142ugotrwa\u0142ym uszkodzeniom.<\/p>\n<h2>Kto powinien unika\u0107 stosowania Kamagry Polo?<\/h2>\n<p>Kamagry Polo powinny unika\u0107 osoby uczulone na syldenafil lub jakikolwiek inny sk\u0142adnik tabletki. Nie nadaje si\u0119 r\u00f3wnie\u017c dla os\u00f3b, kt\u00f3rym odradza si\u0119 podejmowanie aktywno\u015bci seksualnej ze wzgl\u0119du na czynniki ryzyka chor\u00f3b uk\u0142adu kr\u0105\u017cenia.<\/p>\n<p>Osoby przyjmuj\u0105ce azotany na choroby serca lub stosuj\u0105ce leki na nadci\u015bnienie p\u0142ucne nie powinny stosowa\u0107 Kamagry Polo, poniewa\u017c po\u0142\u0105czenie to mo\u017ce prowadzi\u0107 do niebezpiecznego spadku ci\u015bnienia krwi. Zawsze skonsultuj si\u0119 z pracownikiem s\u0142u\u017cby zdrowia przed rozpocz\u0119ciem stosowania nowego leku, szczeg\u00f3lnie je\u015bli cierpisz na choroby wsp\u00f3\u0142istniej\u0105ce.<\/p>\n<h2>Jak d\u0142ugo dzia\u0142a Kamagra Polo?<\/h2>\n<p>Kamagra Polo znana jest z szybkiego pocz\u0105tku dzia\u0142ania, zwykle staje si\u0119 skuteczna w ci\u0105gu 15 do 30 minut od podania. Forma do \u017cucia pozwala na szybsze wch\u0142anianie do krwiobiegu w por\u00f3wnaniu do standardowych tabletek.<\/p>\n<p>Czas trwania skuteczno\u015bci mo\u017ce by\u0107 r\u00f3\u017cny u poszczeg\u00f3lnych os\u00f3b, ale og\u00f3lnie efekty utrzymuj\u0105 si\u0119 przez oko\u0142o cztery do sze\u015bciu godzin. To okno zapewnia wystarczaj\u0105c\u0105 ilo\u015b\u0107 czasu na aktywno\u015b\u0107 seksualn\u0105 bez konieczno\u015bci dok\u0142adnego okre\u015blenia czasu.<\/p>\n<h2>Czy Kamagr\u0119 Polo mo\u017cna \u0142\u0105czy\u0107 z innymi lekami??<\/h2>\n<p>Przed za\u017cyciem Kamagry Polo niezwykle wa\u017cne jest om\u00f3wienie wszystkich aktualnie stosowanych lek\u00f3w z lekarzem. Niekt\u00f3re leki, szczeg\u00f3lnie te zawieraj\u0105ce azotany lub alfa-adrenolityki, mog\u0105 wchodzi\u0107 w interakcje z cytrynianem sildenafilu, prowadz\u0105c do potencjalnie ci\u0119\u017ckiego niedoci\u015bnienia.<\/p>\n<p>Ponadto niekt\u00f3re leki przeciwgrzybicze, antybiotyki i inhibitory proteazy HIV mog\u0105 wp\u0142ywa\u0107 na dzia\u0142anie Kamagry Polo lub zwi\u0119ksza\u0107 ryzyko wyst\u0105pienia dzia\u0142a\u0144 niepo\u017c\u0105danych. Dok\u0142adna ocena lekarska mo\u017ce pom\u00f3c w okre\u015bleniu bezpiecznego i skutecznego stosowania wraz z innymi metodami leczenia.<\/p>\n<h2>Czy Kamagra Polo jest bezpieczna do d\u0142ugotrwa\u0142ego stosowania??<\/h2>\n<p>Bezpiecze\u0144stwo d\u0142ugotrwa\u0142ego stosowania Kamagry Polo nie zosta\u0142o szczeg\u00f3\u0142owo zbadane. Chocia\u017c sildenafil, b\u0119d\u0105cy sk\u0142adnikiem aktywnym, jest uwa\u017cany za bezpieczny do stosowania przez d\u0142u\u017cszy czas w przepisanych dawkach, zaleca si\u0119 regularne kontrole lekarskie w celu monitorowania jego wp\u0142ywu na zdrowie.<\/p>\n<p>U\u017cytkownicy d\u0142ugoterminowi powinni zachowa\u0107 czujno\u015b\u0107 pod k\u0105tem wszelkich zmian w swoim stanie zdrowia i zg\u0142asza\u0107 lekarzowi wszelkie utrzymuj\u0105ce si\u0119 lub k\u0142opotliwe skutki uboczne. Zr\u00f3wnowa\u017cone podej\u015bcie obejmuj\u0105ce okresowe przegl\u0105dy mo\u017ce pom\u00f3c w utrzymaniu bezpiecze\u0144stwa i skuteczno\u015bci.<\/p>\n<h2>Co zrobi\u0107 w przypadku pomini\u0119cia dawki Kamagry Polo??<\/h2>\n<p>Kamagr\u0119 Polo przyjmuje si\u0119 w miar\u0119 potrzeb, wi\u0119c pomini\u0119cie dawki na og\u00f3\u0142 nie ma zastosowania w tradycyjnym tego s\u0142owa znaczeniu. Nie jest przeznaczony do codziennego u\u017cytku, ale raczej przyjmowany w oczekiwaniu na aktywno\u015b\u0107 seksualn\u0105.<\/p>\n<p>Je\u017celi zapomnisz przyj\u0105\u0107 lek przed planowan\u0105 aktywno\u015bci\u0105 seksualn\u0105, mo\u017cesz za\u017cy\u0107 go, kiedy sobie o tym przypomnisz, zapewniaj\u0105c odpowiedni\u0105 ilo\u015b\u0107 czasu, aby lek zacz\u0105\u0142 dzia\u0142a\u0107. Nie nale\u017cy podwaja\u0107 dawki w celu uzupe\u0142nienia up\u0142ywu czasu.<\/p>\n<h2>Czy przy za\u017cywaniu Kamagry Polo obowi\u0105zuj\u0105 jakie\u015b ograniczenia dietetyczne??<\/h2>\n<p>Chocia\u017c nie ma \u015bcis\u0142ych ogranicze\u0144 dietetycznych podczas stosowania Kamagry Polo, zaleca si\u0119 unikanie ci\u0119\u017ckich lub t\u0142ustych posi\u0142k\u00f3w przed za\u017cyciem leku, poniewa\u017c mog\u0105 one spowolni\u0107 jego wch\u0142anianie i op\u00f3\u017ani\u0107 jego dzia\u0142anie.<\/p>\n<p>Nale\u017cy r\u00f3wnie\u017c ograniczy\u0107 spo\u017cycie alkoholu, poniewa\u017c mo\u017ce on potencjalnie zwi\u0119ksza\u0107 ryzyko wyst\u0105pienia dzia\u0142a\u0144 niepo\u017c\u0105danych, takich jak zawroty g\u0142owy lub spadek ci\u015bnienia krwi. Najlepsze rezultaty mo\u017ce pom\u00f3c w osi\u0105gni\u0119ciu zbilansowanej diety i umiarkowanego spo\u017cycia alkoholu.<\/p>\n<h2>Czy kobiety mog\u0105 stosowa\u0107 Kamagr\u0119 Polo?<\/h2>\n<p>Kamagra Polo zosta\u0142a specjalnie opracowana i zatwierdzona do stosowania u m\u0119\u017cczyzn z zaburzeniami erekcji. Nie jest przeznaczony do stosowania przez kobiety, a jego wp\u0142yw na funkcje seksualne kobiet nie zosta\u0142 odpowiednio zbadany.<\/p>\n<p>Kobiety poszukuj\u0105ce leczenia zaburze\u0144 seksualnych powinny skonsultowa\u0107 si\u0119 z pracownikiem s\u0142u\u017cby zdrowia w celu zbadania alternatywnych mo\u017cliwo\u015bci dostosowanych do ich konkretnych potrzeb. Inne leki i terapie mog\u0105 by\u0107 bardziej odpowiednie w rozwi\u0105zaniu problem\u00f3w zwi\u0105zanych ze zdrowiem seksualnym kobiet.<\/p>\n<h2>Jak przechowywa\u0107 Kamagr\u0119 Polo?<\/h2>\n<p>Kamagr\u0119 Polo nale\u017cy przechowywa\u0107 w ch\u0142odnym, suchym miejscu, z dala od bezpo\u015bredniego \u015bwiat\u0142a s\u0142onecznego i wilgoci, najlepiej w temperaturze pokojowej. Przechowywanie leku w oryginalnym opakowaniu mo\u017ce pom\u00f3c chroni\u0107 go przed czynnikami \u015brodowiskowymi, kt\u00f3re mog\u0105 obni\u017cy\u0107 jego skuteczno\u015b\u0107.<\/p>\n<p>Upewnij si\u0119, \u017ce lek jest przechowywany w miejscu niedost\u0119pnym dla dzieci i zwierz\u0105t. W\u0142a\u015bciwe warunki przechowywania s\u0105 wa\u017cne dla utrzymania skuteczno\u015bci i bezpiecze\u0144stwa tabletek na przestrzeni czasu.<\/p>\n<h2>Gdzie mog\u0119 bezpiecznie kupi\u0107 Kamagr\u0119 Polo?<\/h2>\n<p>Kamagr\u0119 Polo nale\u017cy kupowa\u0107 w renomowanych aptekach lub na licencjonowanych platformach internetowych, aby mie\u0107 pewno\u015b\u0107 jako\u015bci i autentyczno\u015bci leku. Podrabiane produkty stanowi\u0105 znaczne ryzyko przy zakupie lek\u00f3w w Internecie, zw\u0142aszcza z niezweryfikowanych \u017ar\u00f3de\u0142.<\/p>\n<p>Konsultacja z podmiotem \u015bwiadcz\u0105cym opiek\u0119 zdrowotn\u0105 mo\u017ce r\u00f3wnie\u017c u\u0142atwi\u0107 dost\u0119p do legalnych \u017ar\u00f3de\u0142 i dostarczy\u0107 wskaz\u00f3wek dotycz\u0105cych praktyk bezpiecznych zakup\u00f3w. Kupuj\u0105c leki przez Internet, nale\u017cy zachowa\u0107 ostro\u017cno\u015b\u0107 i wiedz\u0119.<\/p>\n<h2>Co zrobi\u0107 w przypadku przedawkowania Kamagry Polo?<\/h2>\n<p>W przypadku podejrzenia przedawkowania Kamagry Polo konieczna jest natychmiastowa pomoc lekarska. Objawy przedawkowania mog\u0105 obejmowa\u0107 silne zawroty g\u0142owy, omdlenia lub przed\u0142u\u017con\u0105 erekcj\u0119, kt\u00f3re, je\u015bli nie zostan\u0105 szybko leczone, mog\u0105 spowodowa\u0107 trwa\u0142e uszkodzenie.<\/p>\n<p>Skontaktuj si\u0119 ze s\u0142u\u017cbami ratunkowymi lub pracownikiem s\u0142u\u017cby zdrowia, aby uzyska\u0107 wskaz\u00f3wki dotycz\u0105ce dalszego post\u0119powania. Niezb\u0119dne jest podanie informacji o przyjmowanych dawkach i jednocze\u015bnie przyjmowanych lekach lub substancjach.<\/p>\n","protected":false},"excerpt":{"rendered":"<p>Cz\u0119sto zadawane pytania dotycz\u0105ce Kamagry Polo Kamagra Polo, popularny lek na zaburzenia erekcji, rodzi wiele [&hellip;]<\/p>\n","protected":false},"author":1,"featured_media":0,"parent":0,"menu_order":0,"comment_status":"closed","ping_status":"closed","template":"","meta":{"footnotes":""},"class_list":["post-30464","page","type-page","status-publish","hentry"],"_links":{"self":[{"href":"https:\/\/pematekfcvac.unisel.edu.my\/index.php?rest_route=\/wp\/v2\/pages\/30464","targetHints":{"allow":["GET"]}}],"collection":[{"href":"https:\/\/pematekfcvac.unisel.edu.my\/index.php?rest_route=\/wp\/v2\/pages"}],"about":[{"href":"https:\/\/pematekfcvac.unisel.edu.my\/index.php?rest_route=\/wp\/v2\/types\/page"}],"author":[{"embeddable":true,"href":"https:\/\/pematekfcvac.unisel.edu.my\/index.php?rest_route=\/wp\/v2\/users\/1"}],"replies":[{"embeddable":true,"href":"https:\/\/pematekfcvac.unisel.edu.my\/index.php?rest_route=%2Fwp%2Fv2%2Fcomments&post=30464"}],"version-history":[{"count":1,"href":"https:\/\/pematekfcvac.unisel.edu.my\/index.php?rest_route=\/wp\/v2\/pages\/30464\/revisions"}],"predecessor-version":[{"id":30465,"href":"https:\/\/pematekfcvac.unisel.edu.my\/index.php?rest_route=\/wp\/v2\/pages\/30464\/revisions\/30465"}],"wp:attachment":[{"href":"https:\/\/pematekfcvac.unisel.edu.my\/index.php?rest_route=%2Fwp%2Fv2%2Fmedia&parent=30464"}],"curies":[{"name":"wp","href":"https:\/\/api.w.org\/{rel}","templated":true}]}}