{"id":31187,"date":"2026-03-23T16:38:37","date_gmt":"2026-03-23T16:38:37","guid":{"rendered":"https:\/\/pematekfcvac.unisel.edu.my\/?page_id=31187"},"modified":"2026-03-23T16:38:37","modified_gmt":"2026-03-23T16:38:37","slug":"comparaison-de-la-varenicline-de-marque-et-de-la-varenicline-generique","status":"publish","type":"page","link":"https:\/\/pematekfcvac.unisel.edu.my\/?page_id=31187","title":{"rendered":"Comparaison de la var\u00e9nicline de marque et de la var\u00e9nicline g\u00e9n\u00e9rique"},"content":{"rendered":"<h1>Aides pour arr\u00eater de fumer que nous vendons\u00a0: var\u00e9nicline et aides comportementales\u00a0: quand utiliser des m\u00e9dicaments de marque ou des m\u00e9dicaments g\u00e9n\u00e9riques<\/h1>\n<p>Explorer les diff\u00e9rentes aides pour arr\u00eater de fumer, y compris la var\u00e9nicline et les aides comportementales, et les consid\u00e9rations \u00e0 prendre en compte pour choisir entre les m\u00e9dicaments de marque et les m\u00e9dicaments g\u00e9n\u00e9riques.<\/p>\n<h2>Aper\u00e7u des aides pour arr\u00eater de fumer disponibles<\/h2>\n<p>L&#8217;arr\u00eat du tabac est un objectif de sant\u00e9 important pour de nombreuses personnes, compte tenu des risques bien document\u00e9s associ\u00e9s \u00e0 la consommation de tabac. Il existe de nombreuses aides disponibles pour ceux qui cherchent \u00e0 arr\u00eater de fumer, allant des aides pharmacologiques comme les th\u00e9rapies de remplacement de la nicotine (TRN) et les m\u00e9dicaments sur ordonnance aux aides non pharmacologiques comme les conseils et les th\u00e9rapies comportementales. Parmi ceux-ci, la var\u00e9nicline est devenue un choix populaire en raison de son efficacit\u00e9 \u00e0 r\u00e9duire les fringales et les sympt\u00f4mes de sevrage.<\/p>\n<p>Les aides comportementales, qui comprennent la th\u00e9rapie de groupe, le conseil individuel et les applications num\u00e9riques, jouent un r\u00f4le essentiel pour soutenir les individus tout au long du processus difficile d&#8217;arr\u00eat du tabac. Ces aides sont con\u00e7ues pour aborder les aspects psychologiques de la d\u00e9pendance, en aidant les individus \u00e0 d\u00e9velopper des strat\u00e9gies d&#8217;adaptation et de r\u00e9silience. La combinaison de soutiens pharmacologiques et comportementaux donne souvent les meilleurs r\u00e9sultats, car ils abordent \u00e0 la fois les composantes physiques et psychologiques de la d\u00e9pendance \u00e0 la nicotine.<\/p>\n<h2>Comprendre la var\u00e9nicline\u00a0: comment \u00e7a marche<\/h2>\n<p>La var\u00e9nicline, commun\u00e9ment connue sous son nom de marque Chantix aux \u00c9tats-Unis et Champix dans d&#8217;autres pays, est un m\u00e9dicament sur ordonnance sp\u00e9cialement con\u00e7u pour aider les gens \u00e0 arr\u00eater de fumer. Il fonctionne comme un agoniste partiel des r\u00e9cepteurs nicotiniques de l&#8217;ac\u00e9tylcholine, ce qui signifie qu&#8217;il stimule partiellement ces r\u00e9cepteurs tout en emp\u00eachant la nicotine de se lier \u00e0 eux. Cette double action contribue \u00e0 r\u00e9duire les fringales et les sympt\u00f4mes de sevrage, permettant ainsi aux individus de s&#8217;abstenir plus facilement de fumer.<\/p>\n<p>L&#8217;efficacit\u00e9 de la var\u00e9nicline a \u00e9t\u00e9 d\u00e9montr\u00e9e dans de nombreux essais cliniques, de nombreux participants ayant atteint des taux d&#8217;abandon du tabac plus \u00e9lev\u00e9s que ceux utilisant un placebo. En r\u00e8gle g\u00e9n\u00e9rale, la var\u00e9nicline est utilis\u00e9e dans le cadre d&#8217;un plan complet pour arr\u00eater de fumer, qui peut inclure la fixation d&#8217;une date d&#8217;arr\u00eat, un soutien comportemental et des consultations de suivi avec des prestataires de soins de sant\u00e9 pour suivre les progr\u00e8s et g\u00e9rer les effets secondaires.<\/p>\n<h2>Comparaison de la var\u00e9nicline de marque et de la var\u00e9nicline g\u00e9n\u00e9rique<\/h2>\n<p>Comme pour de nombreux m\u00e9dicaments, la var\u00e9nicline est disponible sous forme de marque et sous forme g\u00e9n\u00e9rique. La principale diff\u00e9rence entre les deux r\u00e9side dans la marque et, souvent, dans le prix. Les versions de marque sont commercialis\u00e9es sous un nom commercial sp\u00e9cifique, tandis que les versions g\u00e9n\u00e9riques sont vendues sous le nom chimique ou officiel. Malgr\u00e9 ces diff\u00e9rences, les deux versions contiennent le m\u00eame ingr\u00e9dient actif et doivent r\u00e9pondre aux m\u00eames normes de qualit\u00e9, de s\u00e9curit\u00e9 et d&#8217;efficacit\u00e9.<\/p>\n<p>Les patients peuvent choisir entre la var\u00e9nicline de marque et la var\u00e9nicline g\u00e9n\u00e9rique en fonction de plusieurs facteurs, notamment le co\u00fbt, la disponibilit\u00e9 et les pr\u00e9f\u00e9rences personnelles. Alors que certaines personnes pr\u00e9f\u00e8rent \u00eatre rassur\u00e9es par un produit de marque, d&#8217;autres optent pour les g\u00e9n\u00e9riques en raison de leur prix abordable. Il est important de noter que le choix entre un m\u00e9dicament de marque et un m\u00e9dicament g\u00e9n\u00e9rique n&#8217;affecte g\u00e9n\u00e9ralement pas l&#8217;efficacit\u00e9 du m\u00e9dicament, car les deux sont strictement r\u00e9glement\u00e9s pour garantir l&#8217;\u00e9quivalence.<\/p>\n<h2>Aides comportementales pour soutenir l\u2019abandon du tabac<\/h2>\n<p>Les aides comportementales sont un \u00e9l\u00e9ment essentiel d\u2019une strat\u00e9gie r\u00e9ussie d\u2019abandon du tabac. Ces aides comprennent diverses approches telles que la th\u00e9rapie cognitivo-comportementale (TCC), les entretiens motivationnels et les groupes de soutien. La TCC, par exemple, aide les individus \u00e0 identifier et \u00e0 modifier les sch\u00e9mas de pens\u00e9e qui contribuent au comportement tabagique, tandis que les entretiens motivationnels se concentrent sur l&#8217;am\u00e9lioration de la motivation d&#8217;un individu \u00e0 arr\u00eater de fumer.<\/p>\n<p>Les outils num\u00e9riques, notamment les applications et les communaut\u00e9s en ligne, sont \u00e9galement devenus de plus en plus populaires en tant qu&#8217;aides comportementales. Ces plateformes offrent accessibilit\u00e9 et flexibilit\u00e9, permettant aux utilisateurs d&#8217;acc\u00e9der \u00e0 l&#8217;assistance \u00e0 leur convenance. De nombreuses applications offrent des fonctionnalit\u00e9s de suivi, des messages de motivation et un soutien communautaire, qui peuvent s&#8217;av\u00e9rer inestimables pour maintenir l&#8217;engagement dans l&#8217;abandon du tabac.<\/p>\n<h2>Avantages de l&#8217;association de la var\u00e9nicline avec des aides comportementales<\/h2>\n<p>L&#8217;association de la var\u00e9nicline avec des aides <a href=\"https:\/\/pharmacievirtuelle24.fr\/\">Pharmacie Virtuelle<\/a> comportementales peut augmenter consid\u00e9rablement les chances d&#8217;arr\u00eater de fumer avec succ\u00e8s. La var\u00e9nicline s&#8217;attaque \u00e0 la d\u00e9pendance physique \u00e0 la nicotine en r\u00e9duisant les fringales et les sympt\u00f4mes de sevrage, tandis que les aides comportementales s&#8217;attaquent aux aspects psychologiques et habituels du tabagisme. Cette approche globale est souvent recommand\u00e9e par les prestataires de soins de sant\u00e9 car elle aborde les multiples dimensions de la d\u00e9pendance \u00e0 la nicotine.<\/p>\n<p>Des \u00e9tudes ont montr\u00e9 que les personnes qui utilisent \u00e0 la fois des soutiens pharmacologiques et comportementaux ont tendance \u00e0 avoir des taux de r\u00e9ussite plus \u00e9lev\u00e9s que celles qui s&#8217;appuient uniquement sur l&#8217;une ou l&#8217;autre m\u00e9thode. La synergie entre ces deux types de soutien peut aider les individus \u00e0 d\u00e9velopper une strat\u00e9gie plus solide pour vaincre la d\u00e9pendance, augmentant ainsi les chances d&#8217;abstinence tabagique \u00e0 long terme.<\/p>\n<h2>Diff\u00e9rences de co\u00fbts\u00a0: m\u00e9dicaments de marque et m\u00e9dicaments g\u00e9n\u00e9riques<\/h2>\n<p>L&#8217;une des diff\u00e9rences les plus significatives entre les m\u00e9dicaments de marque et les m\u00e9dicaments g\u00e9n\u00e9riques est le co\u00fbt. Les m\u00e9dicaments de marque sont g\u00e9n\u00e9ralement plus chers en raison des co\u00fbts associ\u00e9s \u00e0 la recherche, au d\u00e9veloppement et \u00e0 la commercialisation. En revanche, les m\u00e9dicaments g\u00e9n\u00e9riques entrent souvent sur le march\u00e9 apr\u00e8s l&#8217;expiration de la protection du brevet sur la version de marque, ce qui permet une concurrence et une baisse des prix.<\/p>\n<p>Pour de nombreuses personnes, le co\u00fbt des m\u00e9dicaments peut \u00eatre un facteur d\u00e9cisif dans leur choix entre la var\u00e9nicline de marque et la var\u00e9nicline g\u00e9n\u00e9rique. Bien que les g\u00e9n\u00e9riques offrent une option plus abordable, il est essentiel de s\u2019assurer qu\u2019ils proviennent de fabricants r\u00e9put\u00e9s afin de garantir leur qualit\u00e9 et leur efficacit\u00e9. Les prestataires de soins de sant\u00e9 peuvent offrir des conseils sur la s\u00e9lection d\u2019options rentables sans compromettre la qualit\u00e9 du traitement.<\/p>\n<h2>Efficacit\u00e9 de la var\u00e9nicline de marque par rapport \u00e0 la var\u00e9nicline g\u00e9n\u00e9rique<\/h2>\n<p>L&#8217;efficacit\u00e9 de la var\u00e9nicline de marque par rapport \u00e0 la var\u00e9nicline g\u00e9n\u00e9rique est g\u00e9n\u00e9ralement consid\u00e9r\u00e9e comme \u00e9quivalente, car les deux formes contiennent le m\u00eame ingr\u00e9dient actif et sont soumises \u00e0 des tests et \u00e0 une r\u00e9glementation rigoureux. Le processus d&#8217;approbation des m\u00e9dicaments g\u00e9n\u00e9riques n\u00e9cessite la d\u00e9monstration de la bio\u00e9quivalence avec le produit de marque, garantissant qu&#8217;ils produisent les m\u00eames effets sur l&#8217;organisme.<\/p>\n<p>Bien que certains patients puissent exprimer des inqui\u00e9tudes quant \u00e0 l&#8217;efficacit\u00e9 des m\u00e9dicaments g\u00e9n\u00e9riques par rapport \u00e0 leurs homologues de marque, les \u00e9tudes n&#8217;ont syst\u00e9matiquement montr\u00e9 aucune diff\u00e9rence significative dans les r\u00e9sultats. Ainsi, la d\u00e9cision entre la var\u00e9nicline de marque et la var\u00e9nicline g\u00e9n\u00e9rique d\u00e9pend souvent de choix personnels et de consid\u00e9rations de co\u00fbt, plut\u00f4t que d\u2019efficacit\u00e9.<\/p>\n<h2>Effets secondaires potentiels\u00a0: de marque ou g\u00e9n\u00e9rique<\/h2>\n<p>Les effets secondaires potentiels de la var\u00e9nicline, qu&#8217;elle soit de marque ou g\u00e9n\u00e9rique, sont similaires en raison du principe actif identique sous les deux formes. Les effets secondaires courants comprennent des naus\u00e9es, de l&#8217;insomnie et des r\u00eaves vifs, bien que leur intensit\u00e9 varie selon les individus. Les prestataires de soins de sant\u00e9 proposent g\u00e9n\u00e9ralement des conseils sur la gestion de ces effets secondaires, qui diminuent souvent \u00e0 mesure que le corps s&#8217;adapte au m\u00e9dicament.<\/p>\n<p>Les effets secondaires plus graves sont rares mais peuvent inclure des changements d&#8217;humeur ou de comportement, ce qui rend essentiel que les utilisateurs restent en contact avec leur prestataire de soins de sant\u00e9, en particulier pendant les phases initiales du traitement. Les formes de marque et g\u00e9n\u00e9riques de var\u00e9nicline doivent divulguer les effets secondaires potentiels, garantissant ainsi que les patients disposent des informations n\u00e9cessaires pour prendre des d\u00e9cisions \u00e9clair\u00e9es concernant leur traitement.<\/p>\n<h2>Accessibilit\u00e9 des aides pour arr\u00eater de fumer<\/h2>\n<p>L\u2019accessibilit\u00e9 est un facteur crucial dans le succ\u00e8s des aides pour arr\u00eater de fumer. Bien que les m\u00e9dicaments comme la var\u00e9nicline n\u00e9cessitent une ordonnance, les aides comportementales sont souvent plus facilement disponibles, nombre d&#8217;entre elles \u00e9tant propos\u00e9es gratuitement via des programmes de sant\u00e9 communautaire ou des plateformes en ligne. Cette accessibilit\u00e9 est vitale, car elle permet \u00e0 des individus issus de divers milieux socio-\u00e9conomiques d&#8217;acc\u00e9der au soutien dont ils ont besoin.<\/p>\n<p>Les syst\u00e8mes de sant\u00e9 jouent un r\u00f4le important dans l\u2019am\u00e9lioration de l\u2019accessibilit\u00e9 en fournissant des m\u00e9dicaments subventionn\u00e9s ou en int\u00e9grant des programmes d\u2019abandon du tabac dans les soins de routine. En supprimant les obstacles financiers et logistiques, davantage de personnes peuvent s&#8217;engager dans des strat\u00e9gies efficaces pour arr\u00eater de fumer, am\u00e9liorant ainsi les r\u00e9sultats en mati\u00e8re de sant\u00e9 publique.<\/p>\n<h2>Personnaliser votre strat\u00e9gie pour arr\u00eater de fumer<\/h2>\n<p>Il est essentiel de personnaliser une strat\u00e9gie pour arr\u00eater de fumer afin de r\u00e9pondre aux besoins et aux circonstances uniques de chaque individu. Des facteurs tels que les ant\u00e9c\u00e9dents de tabagisme, les motivations personnelles et les consid\u00e9rations de sant\u00e9 jouent tous un r\u00f4le dans la d\u00e9termination de l&#8217;approche la plus efficace. Une strat\u00e9gie sur mesure pourrait combiner des aides pharmacologiques comme la var\u00e9nicline avec des soutiens comportementaux sp\u00e9cifiques qui correspondent au mode de vie et aux pr\u00e9f\u00e9rences de l&#8217;individu.<\/p>\n<p>Travailler en \u00e9troite collaboration avec les prestataires de soins de sant\u00e9 peut aider les individus \u00e0 \u00e9laborer un plan personnalis\u00e9 qui maximise leurs chances de succ\u00e8s. Cette approche personnalis\u00e9e consid\u00e8re non seulement la meilleure combinaison de soutiens, mais s&#8217;adapte \u00e9galement aux progr\u00e8s de l&#8217;individu et aux d\u00e9fis rencontr\u00e9s en cours de route, garantissant un soutien et une motivation continus.<\/p>\n<h2>R\u00f4le des prestataires de soins de sant\u00e9 dans l\u2019orientation des choix<\/h2>\n<p>Les prestataires de soins de sant\u00e9 jouent un r\u00f4le d\u00e9terminant en guidant les patients tout au long du processus d\u2019arr\u00eat du tabac. Ils offrent des conseils d&#8217;experts sur les aides pharmacologiques et comportementales les plus appropri\u00e9es, en tenant compte des ant\u00e9c\u00e9dents m\u00e9dicaux, des pr\u00e9f\u00e9rences et des effets secondaires potentiels de l&#8217;individu. Les prestataires jouent \u00e9galement un r\u00f4le essentiel dans le suivi des progr\u00e8s et dans l\u2019ajustement des plans de traitement si n\u00e9cessaire.<\/p>\n<p>Des consultations r\u00e9guli\u00e8res avec des prestataires de soins de sant\u00e9 offrent aux patients la possibilit\u00e9 de discuter de toute pr\u00e9occupation ou de tout d\u00e9fi auquel ils sont confront\u00e9s, garantissant ainsi qu&#8217;ils re\u00e7oivent le soutien n\u00e9cessaire pour rester sur la bonne voie. Cette relation continue est essentielle pour maintenir la motivation et r\u00e9soudre rapidement tout probl\u00e8me, ce qui peut influencer de mani\u00e8re significative le succ\u00e8s global de l&#8217;effort d&#8217;abandon du tabac.<\/p>\n<h2>\u00c9tudes de cas d&#8217;abandon du tabac r\u00e9ussi<\/h2>\n<p>Des \u00e9tudes de cas sur l&#8217;abandon du tabac r\u00e9ussi mettent en \u00e9vidence les diverses strat\u00e9gies et soutiens qui ont aid\u00e9 les individus \u00e0 arr\u00eater de fumer. Un exemple pourrait impliquer une personne qui a r\u00e9ussi \u00e0 combiner la var\u00e9nicline avec des s\u00e9ances de conseil hebdomadaires, trouvant la force dans le soutien structur\u00e9 et la responsabilisation. Un autre cas pourrait concerner une personne ayant utilis\u00e9 une application num\u00e9rique aux c\u00f4t\u00e9s d\u2019un groupe de soutien, b\u00e9n\u00e9ficiant de l\u2019aspect communautaire et d\u2019un suivi en temps r\u00e9el de ses progr\u00e8s.<\/p>\n<p>Ces \u00e9tudes de cas illustrent qu\u2019il n\u2019existe pas de solution universelle pour arr\u00eater de fumer. Ils soulignent l&#8217;importance d&#8217;essayer diff\u00e9rentes combinaisons de supports jusqu&#8217;\u00e0 ce que la bonne solution soit trouv\u00e9e. Partager ces histoires peut inspirer d\u2019autres personnes dans leur voyage, en fournissant des informations pratiques et de l\u2019espoir \u00e0 ceux qui sont confront\u00e9s \u00e0 des d\u00e9fis similaires.<\/p>\n<h2>Tendances futures en mati\u00e8re d&#8217;aide \u00e0 l&#8217;abandon du tabac<\/h2>\n<p>L\u2019avenir des aides pour arr\u00eater de fumer sera probablement fa\u00e7onn\u00e9 par les progr\u00e8s technologiques et l\u2019importance croissante accord\u00e9e \u00e0 la m\u00e9decine personnalis\u00e9e. Les tendances \u00e9mergentes incluent l&#8217;utilisation de l&#8217;intelligence artificielle pour d\u00e9velopper des plans d&#8217;arr\u00eat sur mesure et l&#8217;int\u00e9gration de la r\u00e9alit\u00e9 virtuelle dans les th\u00e9rapies comportementales, offrant des exp\u00e9riences immersives qui am\u00e9liorent la motivation et le d\u00e9veloppement des comp\u00e9tences.<\/p>\n<p>En outre, les recherches en cours sur les aspects g\u00e9n\u00e9tiques et biochimiques de la d\u00e9pendance \u00e0 la nicotine promettent d&#8217;am\u00e9liorer la compr\u00e9hension des r\u00e9ponses individuelles aux diff\u00e9rents traitements. De telles connaissances pourraient conduire \u00e0 des th\u00e9rapies plus cibl\u00e9es qui augmenteraient les taux de r\u00e9ussite et r\u00e9duiraient le fardeau des maladies li\u00e9es au tabagisme sur la soci\u00e9t\u00e9.<\/p>\n<h2>Conseils pour maintenir un mode de vie sans fum\u00e9e<\/h2>\n<p>Maintenir un mode de vie sans fum\u00e9e est un engagement continu qui n\u00e9cessite de la vigilance et des strat\u00e9gies proactives. Les conseils pour maintenir ce mode de vie incluent l&#8217;identification des d\u00e9clencheurs et le d\u00e9veloppement de m\u00e9canismes d&#8217;adaptation, comme la pratique d&#8217;une activit\u00e9 physique, la pratique de la pleine conscience ou la recherche de soutien lorsque des fringales surviennent. Rester en contact avec les r\u00e9seaux de soutien, que ce soit par le biais de r\u00e9unions en personne ou de communaut\u00e9s en ligne, peut fournir encouragement et responsabilisation.<\/p>\n<p>C\u00e9l\u00e9brer les \u00e9tapes importantes et reconna\u00eetre les avantages d&#8217;une vie sans fum\u00e9e, comme une meilleure sant\u00e9 et des \u00e9conomies financi\u00e8res, peut \u00e9galement renforcer l&#8217;engagement. Il est important de noter que les individus sont encourag\u00e9s \u00e0 consid\u00e9rer tout revers comme une opportunit\u00e9 d\u2019apprentissage plut\u00f4t que comme un \u00e9chec, et \u00e0 les utiliser pour renforcer leur d\u00e9termination et affiner leurs strat\u00e9gies d\u2019arr\u00eat du tabac pour un succ\u00e8s continu.<\/p>\n","protected":false},"excerpt":{"rendered":"<p>Aides pour arr\u00eater de fumer que nous vendons\u00a0: var\u00e9nicline et aides comportementales\u00a0: quand utiliser des [&hellip;]<\/p>\n","protected":false},"author":1,"featured_media":0,"parent":0,"menu_order":0,"comment_status":"closed","ping_status":"closed","template":"","meta":{"footnotes":""},"class_list":["post-31187","page","type-page","status-publish","hentry"],"_links":{"self":[{"href":"https:\/\/pematekfcvac.unisel.edu.my\/index.php?rest_route=\/wp\/v2\/pages\/31187","targetHints":{"allow":["GET"]}}],"collection":[{"href":"https:\/\/pematekfcvac.unisel.edu.my\/index.php?rest_route=\/wp\/v2\/pages"}],"about":[{"href":"https:\/\/pematekfcvac.unisel.edu.my\/index.php?rest_route=\/wp\/v2\/types\/page"}],"author":[{"embeddable":true,"href":"https:\/\/pematekfcvac.unisel.edu.my\/index.php?rest_route=\/wp\/v2\/users\/1"}],"replies":[{"embeddable":true,"href":"https:\/\/pematekfcvac.unisel.edu.my\/index.php?rest_route=%2Fwp%2Fv2%2Fcomments&post=31187"}],"version-history":[{"count":1,"href":"https:\/\/pematekfcvac.unisel.edu.my\/index.php?rest_route=\/wp\/v2\/pages\/31187\/revisions"}],"predecessor-version":[{"id":31188,"href":"https:\/\/pematekfcvac.unisel.edu.my\/index.php?rest_route=\/wp\/v2\/pages\/31187\/revisions\/31188"}],"wp:attachment":[{"href":"https:\/\/pematekfcvac.unisel.edu.my\/index.php?rest_route=%2Fwp%2Fv2%2Fmedia&parent=31187"}],"curies":[{"name":"wp","href":"https:\/\/api.w.org\/{rel}","templated":true}]}}