{"id":31317,"date":"2026-03-23T16:46:10","date_gmt":"2026-03-23T16:46:10","guid":{"rendered":"https:\/\/pematekfcvac.unisel.edu.my\/?page_id=31317"},"modified":"2026-03-23T16:46:10","modified_gmt":"2026-03-23T16:46:10","slug":"holder-priligy-generic-unna-fuktighet","status":"publish","type":"page","link":"https:\/\/pematekfcvac.unisel.edu.my\/?page_id=31317","title":{"rendered":"Holder Priligy Generic unna fuktighet"},"content":{"rendered":"<h1>Hvordan lagre, reise med og fylle p\u00e5 Priligy Generic<\/h1>\n<p>Riktig administrasjon av Priligy Generic inneb\u00e6rer \u00e5 forst\u00e5 lagring, reiseretningslinjer og p\u00e5fyllingsprosedyrer for \u00e5 sikre effektiviteten og lovligheten.<\/p>\n<h2>Riktige lagringsbetingelser for Priligy Generic<\/h2>\n<p>\u00c5 lagre Priligy Generic riktig er avgj\u00f8rende for \u00e5 opprettholde effektiviteten. Legemidlet b\u00f8r oppbevares i originalemballasjen til det er p\u00e5 tide \u00e5 bruke det. Dette bidrar til \u00e5 forhindre kontaminering og bevarer integriteten til medisinen. Det er viktig \u00e5 holde emballasjen intakt for \u00e5 f\u00e5 tilgang til viktig informasjon som utl\u00f8psdato og doseringsinstruksjoner.<\/p>\n<p>Velg et oppbevaringssted som er b\u00e5de trygt og praktisk. Et medisinskap vekk fra kj\u00f8kken og bad er ideelt, da disse omr\u00e5dene har en tendens til \u00e5 ha h\u00f8yere fuktighetsniv\u00e5er. S\u00f8rg alltid for at medisinen er utilgjengelig for barn og kj\u00e6ledyr for \u00e5 forhindre utilsiktet inntak.<\/p>\n<h2>Ideell temperatur og lyseksponering for Priligy Generic<\/h2>\n<p>Den optimale temperaturen for oppbevaring av Priligy Generic er vanligvis romtemperatur, rundt 20 til 25 grader Celsius. Ekstreme temperaturer kan endre medisinens effektivitet, s\u00e5 unng\u00e5 \u00e5 oppbevare den p\u00e5 steder som kan oppleve temperatursvingninger, for eksempel i n\u00e6rheten av vinduer eller i biler.<\/p>\n<p>Unng\u00e5 \u00e5 utsette Priligy Generic for direkte sollys. Ultrafiolett lys kan forringe medisinen og redusere styrken. Hvis mulig, oppbevar medisinen p\u00e5 et m\u00f8rkt, kj\u00f8lig sted for \u00e5 minimere lyseksponering. En skuff eller et skap som ikke f\u00e5r direkte sollys er et utmerket valg.<\/p>\n<h2>Holder Priligy Generic unna fuktighet<\/h2>\n<p>Fuktighet kan p\u00e5virke effektiviteten til Priligy Generic betydelig. Fuktige omgivelser kan f\u00f8re til at medisinen brytes ned eller l\u00f8ses opp for tidlig. Derfor er det avgj\u00f8rende \u00e5 lagre det p\u00e5 et t\u00f8rt sted. Bad, ofte fuktige, er ikke egnet for oppbevaring av medisiner.<\/p>\n<p>For ytterligere \u00e5 beskytte Priligy Generic mot fuktighet, b\u00f8r du vurdere \u00e5 bruke fuktabsorberende pakker eller silikagelpakker i lagringsomr\u00e5det. Disse kan bidra til \u00e5 opprettholde et t\u00f8rt milj\u00f8, og sikre at medisinen forblir i optimal tilstand. S\u00f8rg alltid for at medisinflasken er tett lukket etter hver bruk.<\/p>\n<h2>Reiseregler for \u00e5 b\u00e6re Priligy Generic<\/h2>\n<p>N\u00e5r du reiser med Priligy Generic, er det viktig \u00e5 v\u00e6re klar over regelverket som kan gjelde. Mange land har spesifikke regler for \u00e5 frakte medisiner over landegrensene. Det er tilr\u00e5delig \u00e5 unders\u00f8ke reglene for destinasjonen din f\u00f8r du reiser for \u00e5 unng\u00e5 juridiske problemer.<\/p>\n<p>S\u00f8rg for at du har en kopi av resepten med deg, da dette kan bes om av tollmyndighetene. \u00c5 ha dokumentasjon som bekrefter behovet for medisinen er avgj\u00f8rende, spesielt n\u00e5r du reiser internasjonalt. Dette kan bidra til \u00e5 forhindre forsinkelser eller inndragning av medisinene ved grensekontrollene.<\/p>\n<h2>Pakking Priligy Generisk trygt for flyreiser<\/h2>\n<p>N\u00e5r du forbereder deg p\u00e5 <a href=\"https:\/\/pillelevering.net\/ordre-priligy-generisk-online-uten-resept\">Kj\u00f8pe Dapoxetina<\/a> flyreise, pakk Priligy Generic i h\u00e5ndbagasjen i stedet for innsjekket bagasje. Dette forhindrer eksponering for ekstreme temperaturer i lasterommet og sikrer at du har tilgang til medisinene dine hvis bagasjen din blir forsinket eller tapt. Oppbevar medisinen i originalemballasjen med reseptetiketten intakt.<\/p>\n<p>Vurder \u00e5 bruke en pillebeholder hvis du skal reise over en lengre periode, men oppbevar en del i originalbeholderen med reseptetiketten. Dette kan hjelpe flyplasssikkerhet \u00e5 verifisere medisinen om n\u00f8dvendig. Det er ogs\u00e5 lurt \u00e5 pakke ekstra doser i tilfelle returen blir uventet forsinket.<\/p>\n<h2>Administrere Priligy generisk dosering under reise<\/h2>\n<p>\u00c5 opprettholde doseringsplanen mens du reiser kan v\u00e6re utfordrende, spesielt n\u00e5r du krysser tidssoner. Det er viktig \u00e5 planlegge deretter for \u00e5 sikre at du ikke g\u00e5r glipp av noen doser. Bruk p\u00e5minnelser eller alarmer p\u00e5 mobilenheten din for \u00e5 holde styr p\u00e5 medisineringsplanen din.<\/p>\n<p>Hvis du er usikker p\u00e5 hvordan du skal justere timeplanen din p\u00e5 grunn av tidsendringer, ta kontakt med helsepersonell f\u00f8r du reiser. De kan tilby veiledning om hvordan du administrerer dosen din for \u00e5 opprettholde effektiviteten samtidig som de im\u00f8tekommer reiseruten din.<\/p>\n<h2>Reseptkrav for Priligy Generic Refills<\/h2>\n<p>For \u00e5 etterfylle Priligy Generic, er en gyldig resept fra en lisensiert helsepersonell n\u00f8dvendig. S\u00f8rg for at resepten din er aktuell og inkluderer alle n\u00f8dvendige detaljer som dosering, mengde og kontaktinformasjonen til helsepersonell. Denne informasjonen er viktig for at farmas\u00f8yter skal behandle refillen n\u00f8yaktig.<\/p>\n<p>Planlegg p\u00e5 forh\u00e5nd for \u00e5 unng\u00e5 \u00e5 g\u00e5 tom for medisiner. P\u00e5fyllingsforesp\u00f8rsler kan ta tid \u00e5 behandle, spesielt hvis apoteket m\u00e5 kontakte helsepersonell for bekreftelse. Sjekk alltid med apoteket om deres p\u00e5fyllingspolicy og tiden det tar \u00e5 behandle en ny resept.<\/p>\n<h2>Online vs. Alternativer for p\u00e5fylling i butikken for Priligy Generic<\/h2>\n<p>B\u00e5de p\u00e5fyllingsalternativer p\u00e5 nett og i butikk er tilgjengelige for Priligy Generic, hver med sine fordeler. Nettapoteker tilbyr bekvemmelighet og tilbyr ofte hjemleveringstjenester, noe som kan v\u00e6re spesielt fordelaktig for de med travle timeplaner eller begrenset mobilitet. S\u00f8rg imidlertid for at nettapoteket er anerkjent og lisensiert for \u00e5 unng\u00e5 forfalskede produkter.<\/p>\n<p>P\u00e5fyll i butikk gir mulighet for umiddelbar anskaffelse av medisiner og mulighet til \u00e5 stille sp\u00f8rsm\u00e5l til farmas\u00f8yter direkte. Dette kan v\u00e6re en fordel hvis du trenger r\u00e5d eller har bekymringer om medisinene dine. Vurder dine personlige preferanser og livsstil n\u00e5r du velger mellom p\u00e5fyllingsalternativer p\u00e5 nett og i butikk.<\/p>\n<h2>Hvordan h\u00e5ndtere utl\u00f8pt Priligy Generic<\/h2>\n<p>Utl\u00f8pt Priligy Generic b\u00f8r ikke konsumeres, da det kanskje ikke er effektivt og kan v\u00e6re skadelig. Kast utl\u00f8pt medisin p\u00e5 en sikker m\u00e5te ved \u00e5 f\u00f8lge lokale retningslinjer. Mange lokalsamfunn tilbyr medisineringsprogrammer, som er en trygg og milj\u00f8vennlig m\u00e5te \u00e5 kaste ubrukte medisiner p\u00e5.<\/p>\n<p>Hvis et returprogram ikke er tilgjengelig, bland medisinen med et u\u00f8nsket stoff som brukt kaffegrut eller sand, plasser den i en forseglet beholder og kast den i s\u00f8pla. Denne metoden bidrar til \u00e5 forhindre utilsiktet inntak av barn eller kj\u00e6ledyr og beskytter mot milj\u00f8forurensning.<\/p>\n<h2>Juridiske vurderinger for \u00e5 reise med Priligy Generic internasjonalt<\/h2>\n<p>N\u00e5r du reiser internasjonalt med Priligy Generic, er det viktig \u00e5 forst\u00e5 de juridiske hensynene som er involvert. Ulike land har ulike regler og forskrifter n\u00e5r det gjelder import av legemidler. Noen land kan kreve dokumentasjon utover resept, for eksempel et legebrev som forklarer n\u00f8dvendigheten av medisinen.<\/p>\n<p>Unders\u00f8k reglene for destinasjonen din og eventuelle land du skal reise gjennom for \u00e5 sikre at de overholdes. \u00c5 kontakte ambassaden eller konsulatet til destinasjonslandet ditt kan gi detaljert informasjon om spesifikke krav og bidra til \u00e5 unng\u00e5 juridiske problemer under reisene dine.<\/p>\n<h2>Tips for \u00e5 reise med medisiner: Priligy Generic<\/h2>\n<p>\u00c5 reise med medisiner krever n\u00f8ye planlegging for \u00e5 sikre at du har det du trenger gjennom hele reisen. Ha alltid med deg en kopi av resepten din og et notat fra legen din som forklarer n\u00f8dvendigheten av medisinen. Dette kan v\u00e6re uvurderlig i n\u00f8dstilfeller eller hvis du trenger \u00e5 erstatte tapt medisin.<\/p>\n<p>Vurder \u00e5 pakke et f\u00f8rstehjelpssett med tilleggsutstyr relatert til medisinen din, for eksempel pillekuttere eller vannflasker, for \u00e5 gj\u00f8re det lettere \u00e5 ta medisinen etter behov. \u00c5 v\u00e6re forberedt kan forbedre reiseopplevelsen din og sikre at medisinen din ikke forstyrrer planene dine.<\/p>\n<h2>Sikre kontinuerlig Priligy generisk forsyning i utlandet<\/h2>\n<p>\u00c5 sikre en kontinuerlig tilf\u00f8rsel av Priligy Generic mens du er i utlandet krever framsyn og planlegging. F\u00f8r avreise, beregne mengden medisiner du trenger for varigheten av reisen, inkludert en buffer for uventede forsinkelser. Be om tidlig p\u00e5fylling om n\u00f8dvendig for \u00e5 unng\u00e5 \u00e5 g\u00e5 tom.<\/p>\n<p>Identifiser apotek eller helseinstitusjoner p\u00e5 destinasjonen som kan gi hjelp hvis du trenger mer medisin. \u00c5 ha denne informasjonen p\u00e5 forh\u00e5nd kan spare verdifull tid og redusere stress hvis du m\u00f8ter en uventet mangel mens du reiser.<\/p>\n<h2>R\u00e5dgivning av helsepersonell om Priligy Generic Refills<\/h2>\n<p>\u00c5 konsultere helsepersonell om Priligy Generic p\u00e5fyll er et viktig skritt i \u00e5 administrere medisinen din effektivt. De kan gi r\u00e5d om administrering av doser mens du reiser og hjelpe deg med \u00e5 planlegge p\u00e5fylling rundt timeplanen din. Regelmessig kommunikasjon sikrer at behandlingsplanen din er oppdatert og effektiv.<\/p>\n<p>Din helsepersonell kan ogs\u00e5 tilby verdifull innsikt i medisininteraksjoner og bivirkninger, noe som er avgj\u00f8rende n\u00e5r du vurderer reseptfrie medisiner som kan v\u00e6re n\u00f8dvendig mens du reiser. \u00c5 holde helseteamet informert gir en helhetlig tiln\u00e6rming til medisinbehandlingen din.<\/p>\n<h2>Vanlige problemer og l\u00f8sninger ved etterfylling av Priligy Generic<\/h2>\n<p>Etterfylling av Priligy Generic kan by p\u00e5 flere vanlige problemer, for eksempel forsinkelser i behandlingen eller problemer med forsikringsdekning. For \u00e5 redusere disse, sjekk alltid med apoteket om statusen til p\u00e5fyllingen p\u00e5 forh\u00e5nd. Denne proaktive tiln\u00e6rmingen kan hjelpe deg med \u00e5 l\u00f8se eventuelle problemer f\u00f8r de blir presserende.<\/p>\n<p>Hvis du st\u00f8ter p\u00e5 problemer med forsikringsdekning, kontakt leverand\u00f8ren din for \u00e5 forst\u00e5 de spesifikke kravene eller autorisasjonene som trengs. Noen ganger kan en enkel samtale l\u00f8se misforst\u00e5elser eller gi alternative l\u00f8sninger. \u00c5 v\u00e6re informert og forberedt kan sikre en jevn p\u00e5fyllingsprosess og kontinuerlig tilgang til medisinene dine.<\/p>\n","protected":false},"excerpt":{"rendered":"<p>Hvordan lagre, reise med og fylle p\u00e5 Priligy Generic Riktig administrasjon av Priligy Generic inneb\u00e6rer [&hellip;]<\/p>\n","protected":false},"author":1,"featured_media":0,"parent":0,"menu_order":0,"comment_status":"closed","ping_status":"closed","template":"","meta":{"footnotes":""},"class_list":["post-31317","page","type-page","status-publish","hentry"],"_links":{"self":[{"href":"https:\/\/pematekfcvac.unisel.edu.my\/index.php?rest_route=\/wp\/v2\/pages\/31317","targetHints":{"allow":["GET"]}}],"collection":[{"href":"https:\/\/pematekfcvac.unisel.edu.my\/index.php?rest_route=\/wp\/v2\/pages"}],"about":[{"href":"https:\/\/pematekfcvac.unisel.edu.my\/index.php?rest_route=\/wp\/v2\/types\/page"}],"author":[{"embeddable":true,"href":"https:\/\/pematekfcvac.unisel.edu.my\/index.php?rest_route=\/wp\/v2\/users\/1"}],"replies":[{"embeddable":true,"href":"https:\/\/pematekfcvac.unisel.edu.my\/index.php?rest_route=%2Fwp%2Fv2%2Fcomments&post=31317"}],"version-history":[{"count":1,"href":"https:\/\/pematekfcvac.unisel.edu.my\/index.php?rest_route=\/wp\/v2\/pages\/31317\/revisions"}],"predecessor-version":[{"id":31318,"href":"https:\/\/pematekfcvac.unisel.edu.my\/index.php?rest_route=\/wp\/v2\/pages\/31317\/revisions\/31318"}],"wp:attachment":[{"href":"https:\/\/pematekfcvac.unisel.edu.my\/index.php?rest_route=%2Fwp%2Fv2%2Fmedia&parent=31317"}],"curies":[{"name":"wp","href":"https:\/\/api.w.org\/{rel}","templated":true}]}}