{"id":39122,"date":"2026-03-24T23:25:11","date_gmt":"2026-03-24T23:25:11","guid":{"rendered":"https:\/\/pematekfcvac.unisel.edu.my\/?page_id=39122"},"modified":"2026-03-24T23:25:11","modified_gmt":"2026-03-24T23:25:11","slug":"introducere-in-doxiciclina","status":"publish","type":"page","link":"https:\/\/pematekfcvac.unisel.edu.my\/?page_id=39122","title":{"rendered":"Introducere \u00een doxiciclin\u0103"},"content":{"rendered":"<h1>Doxiciclin\u0103 la adul\u021bi \u00een v\u00e2rst\u0103: orientare<\/h1>\n<p>Acest articol ofer\u0103 o examinare aprofundat\u0103 a utiliz\u0103rii doxiciclinei la adul\u021bii \u00een v\u00e2rst\u0103, inclusiv mecanismele sale, utiliz\u0103rile, efectele secundare \u0219i considera\u021biile pentru administrarea \u00een siguran\u021b\u0103.<\/p>\n<h2>Introducere \u00een doxiciclin\u0103<\/h2>\n<p>Doxiciclina este un antibiotic utilizat pe scar\u0103 larg\u0103 apar\u021bin\u00e2nd clasei tetraciclinelor. A fost un element de baz\u0103 \u00een tratamentul diferitelor infec\u021bii bacteriene de la introducerea sa la \u00eenceputul anilor 1960. Renumit\u0103 pentru activitatea sa cu spectru larg, doxiciclina este eficient\u0103 \u00eempotriva numeroaselor bacterii gram-pozitive \u0219i gram-negative. Versatilitatea sa se extinde la tratarea unor afec\u021biuni precum infec\u021biile tractului respirator, infec\u021biile pielii \u0219i multe altele.<\/p>\n<p>Pe m\u0103sur\u0103 ce popula\u021bia \u00eemb\u0103tr\u00e2ne\u0219te, utilizarea antibioticelor precum doxiciclina la adul\u021bii \u00een v\u00e2rst\u0103 devine din ce \u00een ce mai relevant\u0103. Pacien\u021bii mai \u00een v\u00e2rst\u0103 prezint\u0103 adesea provoc\u0103ri medicale unice care necesit\u0103 o aten\u021bie atent\u0103 atunci c\u00e2nd prescriu medicamente. \u00cen\u021belegerea modului \u00een care doxiciclina se potrive\u0219te \u00een peisajul tratamentului pentru persoanele \u00een v\u00e2rst\u0103 este crucial\u0103 pentru furnizorii de asisten\u021b\u0103 medical\u0103 care urm\u0103resc s\u0103 optimizeze rezultatele terapeutice.<\/p>\n<h2>Cum func\u021bioneaz\u0103 doxiciclina \u00een organism<\/h2>\n<p>Doxiciclina func\u021bioneaz\u0103 prin inhibarea sintezei proteinelor bacteriene, un mecanism care opre\u0219te eficient cre\u0219terea \u0219i multiplicarea bacteriilor. Realizeaz\u0103 acest lucru prin legarea de subunitatea ribozomal\u0103 30S, prevenind astfel ata\u0219area aminoacil-ARNt la complexul ARN-ribozom. Aceast\u0103 ac\u021biune este bacteriostatic\u0103, ceea ce \u00eenseamn\u0103 c\u0103 opre\u0219te reproducerea bacteriilor \u00een loc s\u0103 le omoare direct.<\/p>\n<p>Farmacocinetica doxiciclinei este deosebit de favorabil\u0103. Este bine absorbit \u00een tractul gastrointestinal, ating\u00e2nd concentra\u021bii mari \u00een \u021besuturile \u0219i fluidele corpului. Aceast\u0103 caracteristic\u0103 \u00eel face o alegere excelent\u0103 pentru tratarea infec\u021biilor din diferite sisteme ale corpului, inclusiv cele care sunt greu de atins cu alte antibiotice. \u00cen plus, timpul s\u0103u de \u00eenjum\u0103t\u0103\u021bire relativ lung permite administrarea de o dat\u0103 sau de dou\u0103 ori pe zi, ceea ce poate \u00eembun\u0103t\u0103\u021bi aderen\u021ba, \u00een special la pacien\u021bii mai \u00een v\u00e2rst\u0103 care pot avea regimuri de medicamente complexe.<\/p>\n<h2>Utiliz\u0103ri frecvente ale doxiciclinei la adul\u021bii \u00een v\u00e2rst\u0103<\/h2>\n<p>La adul\u021bii \u00een v\u00e2rst\u0103, doxiciclina este frecvent utilizat\u0103 pentru a trata infec\u021biile respiratorii, cum ar fi pneumonia \u0219i bron\u0219ita cronic\u0103, care sunt predominante la aceast\u0103 grup\u0103 de v\u00e2rst\u0103. Eficacitatea sa \u00een gestionarea pneumoniei dob\u00e2ndite \u00een comunitate este bine documentat\u0103, ceea ce o face o op\u021biune de preferat pentru mul\u021bi medici. \u00cen plus, este folosit \u00een tratamentul infec\u021biilor pielii, inclusiv a celor complicate de afec\u021biuni subiacente precum diabetul.<\/p>\n<p>Dincolo de aceste aplica\u021bii, doxiciclina este folosit\u0103 \u0219i ca m\u0103sur\u0103 profilactic\u0103 \u00eempotriva malariei pentru c\u0103l\u0103torii \u00een v\u00e2rst\u0103. Capacitatea sa de a trata \u0219i preveni o serie de infec\u021bii \u00eel face un instrument de nepre\u021buit \u00een arsenalul medical, \u00een special \u00een mediile \u00een care rezisten\u021ba la alte antibiotice este o preocupare tot mai mare.<\/p>\n<h2>Recomand\u0103ri de dozare pentru adul\u021bii \u00een v\u00e2rst\u0103<\/h2>\n<p>Atunci c\u00e2nd se prescrie doxiciclin\u0103 adul\u021bilor \u00een v\u00e2rst\u0103, este esen\u021bial s\u0103 se adapteze doza la starea de s\u0103n\u0103tate a individului \u0219i la nevoile specifice. Dozele standard variaz\u0103 de obicei de la 100 mg o dat\u0103 sau de dou\u0103 ori pe zi, \u00een func\u021bie de severitatea infec\u021biei \u0219i de func\u021bia renal\u0103 a pacientului. Av\u00e2nd \u00een vedere c\u0103 adul\u021bii \u00een v\u00e2rst\u0103 pot avea func\u021bia renal\u0103 compromis\u0103, este necesar\u0103 o evaluare atent\u0103 pentru a evita poten\u021biala toxicitate.<\/p>\n<p>Furnizorii de asisten\u021b\u0103 medical\u0103 ar trebui s\u0103 ia \u00een considerare \u0219i capacitatea pacientului de a respecta schema de dozare. Simplificarea regimului, atunci c\u00e2nd este posibil, poate spori complian\u021ba \u0219i eficacitatea terapeutic\u0103. \u00cen unele cazuri, \u00eenceperea cu o doz\u0103 mai mic\u0103 \u0219i cre\u0219terea treptat\u0103 a acesteia poate fi adecvat\u0103, \u00een special pentru persoanele fragile cu multiple comorbidit\u0103\u021bi.<\/p>\n<h2>Efecte secundare poten\u021biale la v\u00e2rstnici<\/h2>\n<p>\u00cen timp ce doxiciclina este \u00een general bine tolerat\u0103, adul\u021bii \u00een v\u00e2rst\u0103 pot fi mai susceptibili la anumite reac\u021bii adverse. Tulbur\u0103rile gastro-intestinale, cum ar fi grea\u021ba \u0219i diareea, sunt printre cele mai frecvente. Acestea pot fi adesea atenuate prin administrarea medicamentului cu alimente, de\u0219i anumite alimente \u0219i suplimente care con\u021bin calciu sau fier ar trebui evitate, deoarece pot afecta absorb\u021bia.<\/p>\n<p>Fotosensibilitatea este un alt <a href=\"https:\/\/pilule-express.net\/doxiciclina-fara-reteta\">https:\/\/pilule-express.net\/doxiciclina-fara-reteta<\/a> efect secundar care merit\u0103 aten\u021bie, deoarece poate duce la arsuri solare severe la pacien\u021bii expu\u0219i la lumina soarelui. Adul\u021bii \u00een v\u00e2rst\u0103 ar trebui sf\u0103tui\u021bi s\u0103 foloseasc\u0103 protec\u021bie solar\u0103 \u0219i \u00eembr\u0103c\u0103minte de protec\u021bie dac\u0103 inten\u021bioneaz\u0103 s\u0103 petreac\u0103 timp \u00een aer liber. Mai rar, doxiciclina poate provoca irita\u021bii sau ulcera\u021bii esofagiene, \u00een special dac\u0103 este luat\u0103 f\u0103r\u0103 lichid adecvat sau \u00eenainte de a v\u0103 culca.<\/p>\n<h2>Interac\u021biunile medicamentoase de care trebuie s\u0103 fii con\u0219tient<\/h2>\n<p>Adul\u021bii \u00een v\u00e2rst\u0103 iau adesea mai multe medicamente, cresc\u00e2nd riscul de interac\u021biuni medicamentoase. Doxiciclina poate interac\u021biona cu diverse substan\u021be, inclusiv antiacide \u0219i suplimente care con\u021bin calciu, magneziu sau fier, ceea ce \u00eei poate sc\u0103dea absorb\u021bia \u0219i eficacitatea. Pacien\u021bii trebuie instrui\u021bi s\u0103 ia doxiciclin\u0103 cu cel pu\u021bin dou\u0103 ore \u00eenainte sau dup\u0103 aceste produse.<\/p>\n<p>\u00cen plus, doxiciclina poate interac\u021biona cu anticoagulante, cum ar fi warfarina, poten\u021bial sporind efectele acestora \u0219i cresc\u00e2nd riscul de s\u00e2ngerare. Se recomand\u0103 monitorizarea regulat\u0103 a parametrilor de coagulare a s\u00e2ngelui pentru pacien\u021bii care primesc ambele medicamente. Furnizorii de asisten\u021b\u0103 medical\u0103 ar trebui s\u0103 efectueze o revizuire am\u0103nun\u021bit\u0103 a regimului de medicamente al pacientului pentru a identifica \u0219i gestiona poten\u021bialele interac\u021biuni \u00een mod eficient.<\/p>\n<h2>Monitorizare \u0219i ajust\u0103ri la pacien\u021bii \u00een v\u00e2rst\u0103<\/h2>\n<p>Monitorizarea regulat\u0103 este esen\u021bial\u0103 atunci c\u00e2nd se trateaz\u0103 adul\u021bii \u00een v\u00e2rst\u0103 cu doxiciclin\u0103. Medicii ar trebui s\u0103 evalueze periodic func\u021bia renal\u0103 \u0219i hepatic\u0103, deoarece aceste organe joac\u0103 un rol crucial \u00een metabolismul \u0219i excre\u021bia medicamentelor. Pe baza acestor evalu\u0103ri, pot fi necesare ajust\u0103ri ale regimului de dozare pentru a preveni acumularea \u0219i toxicitatea.<\/p>\n<p>Pe l\u00e2ng\u0103 monitorizarea de laborator, clinicienii trebuie s\u0103 fie vigilen\u021bi pentru semnele de reac\u021bii adverse sau interac\u021biuni medicamentoase. Educarea pacientului cu privire la recunoa\u0219terea simptomelor poten\u021bialelor efecte secundare sau complica\u021bii poate oferi adul\u021bilor \u00een v\u00e2rst\u0103 posibilitatea de a raporta problemele cu promptitudine, facilit\u00e2nd interven\u021bia \u00een timp util \u0219i ajust\u0103rile dozei atunci c\u00e2nd este necesar.<\/p>\n<h2>Doxiciclina pentru afec\u021biuni cronice<\/h2>\n<p>Doxiciclina este uneori utilizat\u0103 \u00een gestionarea afec\u021biunilor cronice, cum ar fi acneea rozacee \u0219i artrita reumatoid\u0103, datorit\u0103 propriet\u0103\u021bilor sale antiinflamatorii. La adul\u021bii \u00een v\u00e2rst\u0103, rolul s\u0103u \u00een astfel de condi\u021bii trebuie echilibrat cu poten\u021bialele riscuri ale utiliz\u0103rii pe termen lung a antibioticelor, inclusiv dezvoltarea rezisten\u021bei \u0219i infec\u021bii secundare.<\/p>\n<p>Pentru afec\u021biunile respiratorii cronice, cum ar fi boala pulmonar\u0103 obstructiv\u0103 cronic\u0103 (BPOC), doxiciclina poate fi prescris\u0103 \u00een timpul exacerb\u0103rilor acute pentru a reduce \u00eenc\u0103rc\u0103tura bacterian\u0103 \u0219i inflama\u021bia. Este esen\u021bial s\u0103 se evalueze beneficiile fa\u021b\u0103 de riscuri, \u00een special la pacien\u021bii care ar putea avea un sistem imunitar sl\u0103bit sau alte probleme de s\u0103n\u0103tate subiacente.<\/p>\n<h2>Considera\u021bii speciale pentru persoanele \u00een v\u00e2rst\u0103 fragile<\/h2>\n<p>Pacien\u021bii v\u00e2rstnici fragili prezint\u0103 provoc\u0103ri unice c\u00e2nd vine vorba de managementul medicamentelor. Rezervele lor fiziologice reduse \u00eei fac mai vulnerabili la efectele secundare \u0219i la interac\u021biuni. C\u00e2nd se prescrie doxiciclin\u0103, este important s\u0103 se ia \u00een considerare dozele ini\u021biale mai mici \u0219i titrarea treptat\u0103 pentru a minimiza poten\u021bialele efecte adverse.<\/p>\n<p>\u00cen plus, prezen\u021ba deficien\u021belor cognitive la unii v\u00e2rstnici fragili necesit\u0103 implicarea \u00eengrijitorului \u00een administrarea medicamentelor. Asigurarea faptului c\u0103 instruc\u021biunile de dozare sunt clare \u0219i c\u0103 \u00eengrijitorii sunt informa\u021bi adecvat poate ajuta la prevenirea erorilor \u0219i la cre\u0219terea siguran\u021bei utiliz\u0103rii doxiciclinei la aceast\u0103 popula\u021bie.<\/p>\n<h2>Gestionarea reac\u021biilor alergice la doxiciclin\u0103<\/h2>\n<p>Reac\u021biile alergice la doxiciclin\u0103, de\u0219i mai pu\u021bin frecvente, pot ap\u0103rea \u0219i pot varia de la erup\u021bii cutanate u\u0219oare p\u00e2n\u0103 la anafilaxie sever\u0103. Este esen\u021bial ca furnizorii de asisten\u021b\u0103 medical\u0103 s\u0103 fac\u0103 un istoric detaliat al alergiilor \u00eenainte de a \u00eencepe tratamentul. Pacien\u021bii cu antecedente de hipersensibilitate la tetracicline trebuie, \u00een general, s\u0103 evite doxiciclina.<\/p>\n<p>\u00cen cazul unei reac\u021bii alergice, este necesar\u0103 \u00eentreruperea imediat\u0103 a medicamentului \u0219i interven\u021bia medical\u0103 adecvat\u0103. Reac\u021biile u\u0219oare pot fi gestionate cu antihistaminice, \u00een timp ce reac\u021biile severe necesit\u0103 \u00eengrijiri de urgen\u021b\u0103. Educarea pacien\u021bilor \u0219i a \u00eengrijitorilor cu privire la semnele unei reac\u021bii alergice poate facilita recunoa\u0219terea \u0219i r\u0103spunsul rapid.<\/p>\n<h2>Antibiotice alternative pentru adul\u021bii \u00een v\u00e2rst\u0103<\/h2>\n<p>Pentru adul\u021bii \u00een v\u00e2rst\u0103 care nu pot tolera doxiciclina sau pentru care este contraindicat\u0103, pot fi luate \u00een considerare mai multe antibiotice alternative. Macrolidele, cum ar fi azitromicina sau claritromicina, ofer\u0103 o acoperire similar\u0103 cu spectru larg \u0219i sunt adesea folosite \u00een infec\u021biile respiratorii.<\/p>\n<p>Fluorochinolonele, de\u0219i eficiente, trebuie utilizate cu pruden\u021b\u0103 la adul\u021bii \u00een v\u00e2rst\u0103 din cauza riscului de afectare a tendonului \u0219i a altor reac\u021bii adverse grave. Alegerea antibioticului trebuie s\u0103 fie ghidat\u0103 de natura infec\u021biei, istoricul pacientului \u0219i tiparele de susceptibilitate la antibiotice, asigur\u00e2nd at\u00e2t eficacitatea, c\u00e2t \u0219i siguran\u021ba.<\/p>\n<h2>Importan\u021ba revizuirii istoricului medical<\/h2>\n<p>O revizuire cuprinz\u0103toare a istoricului medical este piatra de temelie a utiliz\u0103rii sigure \u0219i eficiente a doxiciclinei la adul\u021bii \u00een v\u00e2rst\u0103. Aceast\u0103 revizuire ar trebui s\u0103 includ\u0103 o evaluare a afec\u021biunilor medicale anterioare, a medicamentelor actuale \u0219i a oric\u0103ror alergii cunoscute. O astfel de diligen\u021b\u0103 ajut\u0103 la identificarea poten\u021bialelor contraindica\u021bii \u0219i interac\u021biuni care ar putea compromite siguran\u021ba pacientului.<\/p>\n<p>\u00cen plus, \u00een\u021belegerea stilului de via\u021b\u0103 al pacientului, a obiceiurilor alimentare \u0219i a istoricului de c\u0103l\u0103torie poate informa deciziile privind utiliz\u0103rile profilactice ale doxiciclinei, cum ar fi \u00een prevenirea malariei. Documentarea \u0219i comunicarea am\u0103nun\u021bit\u0103 \u00eentre furnizorii de servicii medicale, pacien\u021bi \u0219i \u00eengrijitorii sunt vitale pentru asigurarea unei \u00eengrijiri optime.<\/p>\n<h2>Navigarea cu doxiciclin\u0103 \u0219i polifarmacie<\/h2>\n<p>Polifarmacia, utilizarea mai multor medicamente, este comun\u0103 \u00een r\u00e2ndul adul\u021bilor \u00een v\u00e2rst\u0103 \u0219i prezint\u0103 o provocare semnificativ\u0103 \u00een gestionarea terapiei cu doxiciclin\u0103. Riscul de interac\u021biuni medicamentoase \u0219i de efecte secundare cumulate cre\u0219te odat\u0103 cu num\u0103rul de medicamente, necesit\u00e2nd o supraveghere atent\u0103.<\/p>\n<p>Evalu\u0103rile regulate ale medicamentelor \u0219i consult\u0103rile cu farmaci\u0219tii pot ajuta la identificarea \u0219i atenuarea riscurilor asociate polifarmaciei. Strategiile precum consolidarea medicamentelor, simplificarea regimurilor \u0219i utilizarea dosarelor electronice de s\u0103n\u0103tate pentru a urm\u0103ri prescrip\u021biile pot \u00eembun\u0103t\u0103\u021bi siguran\u021ba pacien\u021bilor \u0219i rezultatele tratamentului.<\/p>\n<h2>Sfaturi pentru administrarea \u00een siguran\u021b\u0103 a doxiciclinei<\/h2>\n<p>Asigurarea administr\u0103rii \u00een siguran\u021b\u0103 a doxiciclinei implic\u0103 mai mul\u021bi pa\u0219i practici. Pacien\u021bii trebuie sf\u0103tui\u021bi s\u0103 ia medicamentul cu un pahar plin cu ap\u0103 \u0219i s\u0103 r\u0103m\u00e2n\u0103 \u00een picioare cel pu\u021bin 30 de minute dup\u0103 aceea pentru a preveni irita\u021bia esofagian\u0103. Dozele programate pentru a evita aportul concomitent cu alimente \u0219i suplimente bogate \u00een calciu pot \u00eembun\u0103t\u0103\u021bi absorb\u021bia.<\/p>\n<p>Comunicarea clar\u0103 cu privire la importan\u021ba finaliz\u0103rii \u00eentregului curs de doxiciclin\u0103, chiar dac\u0103 simptomele se amelioreaz\u0103, este esen\u021bial\u0103 pentru a preveni rezisten\u021ba la antibiotice. \u00cen plus, educarea pacien\u021bilor cu privire la poten\u021bialul de fotosensibilitate \u0219i m\u0103surile adecvate de protec\u021bie solar\u0103 poate ajuta la evitarea complica\u021biilor.<\/p>\n<h2>Concluzie: optimizarea utiliz\u0103rii doxiciclinei la adul\u021bii \u00een v\u00e2rst\u0103<\/h2>\n<p>Optimizarea utiliz\u0103rii doxiciclinei la adul\u021bii \u00een v\u00e2rst\u0103 necesit\u0103 o abordare nuan\u021bat\u0103 care s\u0103 ia \u00een considerare starea de s\u0103n\u0103tate a individului, poten\u021bialele interac\u021biuni medicamentoase \u0219i nevoile terapeutice specifice. Prin adaptarea planurilor de tratament \u0219i angajarea \u00eentr-o monitorizare vigilent\u0103, furnizorii de asisten\u021b\u0103 medical\u0103 pot spori eficacitatea \u0219i siguran\u021ba terapiei cu doxiciclin\u0103.<\/p>\n<p>Pe m\u0103sur\u0103 ce popula\u021bia continu\u0103 s\u0103 \u00eemb\u0103tr\u00e2neasc\u0103, cererea de gestionare eficient\u0103 a antibioticelor la adul\u021bii \u00een v\u00e2rst\u0103 va cre\u0219te. Prin practici informate de prescriere \u0219i educarea pacientului, doxiciclina poate r\u0103m\u00e2ne un instrument valoros \u00een tratamentul infec\u021biilor bacteriene, ajut\u00e2nd la \u00eembun\u0103t\u0103\u021birea rezultatelor s\u0103n\u0103t\u0103\u021bii pacien\u021bilor \u00een v\u00e2rst\u0103.<\/p>\n","protected":false},"excerpt":{"rendered":"<p>Doxiciclin\u0103 la adul\u021bi \u00een v\u00e2rst\u0103: orientare Acest articol ofer\u0103 o examinare aprofundat\u0103 a utiliz\u0103rii doxiciclinei [&hellip;]<\/p>\n","protected":false},"author":1,"featured_media":0,"parent":0,"menu_order":0,"comment_status":"closed","ping_status":"closed","template":"","meta":{"footnotes":""},"class_list":["post-39122","page","type-page","status-publish","hentry"],"_links":{"self":[{"href":"https:\/\/pematekfcvac.unisel.edu.my\/index.php?rest_route=\/wp\/v2\/pages\/39122","targetHints":{"allow":["GET"]}}],"collection":[{"href":"https:\/\/pematekfcvac.unisel.edu.my\/index.php?rest_route=\/wp\/v2\/pages"}],"about":[{"href":"https:\/\/pematekfcvac.unisel.edu.my\/index.php?rest_route=\/wp\/v2\/types\/page"}],"author":[{"embeddable":true,"href":"https:\/\/pematekfcvac.unisel.edu.my\/index.php?rest_route=\/wp\/v2\/users\/1"}],"replies":[{"embeddable":true,"href":"https:\/\/pematekfcvac.unisel.edu.my\/index.php?rest_route=%2Fwp%2Fv2%2Fcomments&post=39122"}],"version-history":[{"count":1,"href":"https:\/\/pematekfcvac.unisel.edu.my\/index.php?rest_route=\/wp\/v2\/pages\/39122\/revisions"}],"predecessor-version":[{"id":39123,"href":"https:\/\/pematekfcvac.unisel.edu.my\/index.php?rest_route=\/wp\/v2\/pages\/39122\/revisions\/39123"}],"wp:attachment":[{"href":"https:\/\/pematekfcvac.unisel.edu.my\/index.php?rest_route=%2Fwp%2Fv2%2Fmedia&parent=39122"}],"curies":[{"name":"wp","href":"https:\/\/api.w.org\/{rel}","templated":true}]}}