{"id":39220,"date":"2026-03-24T23:48:17","date_gmt":"2026-03-24T23:48:17","guid":{"rendered":"https:\/\/pematekfcvac.unisel.edu.my\/?page_id=39220"},"modified":"2026-03-24T23:48:17","modified_gmt":"2026-03-24T23:48:17","slug":"a-pde5-inhibitorok-megertese-attekintes-es-mechanizmus","status":"publish","type":"page","link":"https:\/\/pematekfcvac.unisel.edu.my\/?page_id=39220","title":{"rendered":"A PDE5-inhibitorok meg\u00e9rt\u00e9se: \u00e1ttekint\u00e9s \u00e9s mechanizmus"},"content":{"rendered":"<h1>A PDE5-g\u00e1tl\u00f3k magyar\u00e1zata: hogyan m\u0171k\u00f6dik a szildenafil, a tadalafil \u00e9s a vardenafil: m\u00edtoszrombol\u00f3 kiad\u00e1s<\/h1>\n<p>Fedezze fel a PDE5-g\u00e1tl\u00f3k, k\u00f6zt\u00fck a szildenafil, a tadalafil \u00e9s a vardenafil m\u00f6g\u00f6tt megh\u00faz\u00f3d\u00f3 tudom\u00e1nyt, c\u00e1folja meg a gyakori m\u00edtoszokat, \u00e9s ismerje meg szerep\u00fcket az erekci\u00f3s diszfunkci\u00f3 kezel\u00e9s\u00e9ben.<\/p>\n<h2>A PDE5-inhibitorok meg\u00e9rt\u00e9se: \u00e1ttekint\u00e9s \u00e9s mechanizmus<\/h2>\n<p>A PDE5-inhibitorok a p\u00e9nisz v\u00e9r\u00e1raml\u00e1s\u00e1nak fokoz\u00e1sa r\u00e9v\u00e9n els\u0151sorban az erekci\u00f3s zavar (ED) kezel\u00e9s\u00e9re haszn\u00e1lt gy\u00f3gyszerek egy csoportja. \u00dagy fejtik ki hat\u00e1sukat, hogy blokkolj\u00e1k az 5-\u00f6s t\u00edpus\u00fa foszfodi\u00e9szter\u00e1z (PDE5) enzimet, amely a corpus cavernosum simaizomsejtjeiben, az erekci\u00f3s sz\u00f6vet szivacsszer\u0171 r\u00e9gi\u00f3iban tal\u00e1lhat\u00f3. Ez a g\u00e1tl\u00e1s ezen izmok ellazul\u00e1s\u00e1t eredm\u00e9nyezi, ez\u00e1ltal lehet\u0151v\u00e9 teszi a fokozott v\u00e9r\u00e1raml\u00e1st a szexu\u00e1lis izgalom sor\u00e1n.<\/p>\n<p>A PDE5-inhibitorok kifejleszt\u00e9se jelent\u0151s el\u0151rel\u00e9p\u00e9st jelentett az ED kezel\u00e9s\u00e9ben, nem invaz\u00edv \u00e9s hat\u00e9kony alternat\u00edv\u00e1t k\u00edn\u00e1lva a kor\u00e1bbi kezel\u00e9sekkel, p\u00e9ld\u00e1ul a p\u00e9nisz injekci\u00f3kkal vagy v\u00e1kuumeszk\u00f6z\u00f6kkel szemben. Ezek a gy\u00f3gyszerek sz\u00e9les k\u00f6rben elterjedtek a k\u00f6nny\u0171 haszn\u00e1latuk \u00e9s hat\u00e9konys\u00e1guk miatt. M\u0171k\u00f6d\u00e9s\u00fck meg\u00e9rt\u00e9se d\u00f6nt\u0151 fontoss\u00e1g\u00fa mind a betegek, mind az eg\u00e9szs\u00e9g\u00fcgyi szolg\u00e1ltat\u00f3k sz\u00e1m\u00e1ra az ED hat\u00e9kony kezel\u00e9s\u00e9ben.<\/p>\n<h2>A cGMP szerepe az erekci\u00f3s funkci\u00f3ban<\/h2>\n<p>A ciklikus guanozin-monofoszf\u00e1t (cGMP) kulcsfontoss\u00e1g\u00fa molekula az erekci\u00f3 el\u00e9r\u00e9s\u00e9nek fiziol\u00f3giai folyamat\u00e1ban. A szexu\u00e1lis stimul\u00e1ci\u00f3 sor\u00e1n nitrog\u00e9n-monoxid szabadul fel a corpus cavernosumban, ami a cGMP-szint emelked\u00e9s\u00e9hez vezet. Ez a molekula ellaz\u00edtja a simaizmokat, lehet\u0151v\u00e9 t\u00e9ve, hogy a v\u00e9r kit\u00f6ltse az erekci\u00f3s sz\u00f6veteket \u00e9s erekci\u00f3t id\u00e9zzen el\u0151.<\/p>\n<p>A cGMP-t a PDE5 bontja le; \u00edgy a PDE5 g\u00e1tl\u00e1sa n\u00f6veli a cGMP-szintet, fenntartja az erekci\u00f3 fenntart\u00e1s\u00e1hoz sz\u00fcks\u00e9ges izomrelax\u00e1ci\u00f3t \u00e9s a v\u00e9r\u00e1raml\u00e1st. A cGMP termel\u00e9se \u00e9s leboml\u00e1sa k\u00f6z\u00f6tti egyens\u00faly elengedhetetlen a norm\u00e1l mereved\u00e9si funkci\u00f3hoz, ami r\u00e1vil\u00e1g\u00edt arra, hogy a PDE5 inhibitorok mi\u00e9rt hat\u00e9konyak az ED kezel\u00e9s\u00e9ben.<\/p>\n<h2>Hogyan m\u0171k\u00f6dik a Sildenafil: R\u00e9szletes n\u00e9zet<\/h2>\n<p>A Viagra m\u00e1rkan\u00e9ven sz\u00e9les k\u00f6rben ismert szildenafil volt az els\u0151 PDE5 inhibitor, amelyet 1998-ban vezettek be a piacra. \u00dagy fejti ki hat\u00e1s\u00e1t, hogy szelekt\u00edven g\u00e1tolja a PDE5-\u00f6t, ez\u00e1ltal n\u00f6veli a cGMP-szintet \u00e9s fokozza a szexu\u00e1lis stimul\u00e1ci\u00f3ra adott term\u00e9szetes erekci\u00f3s v\u00e1laszt. \u00c1ltal\u00e1ban k\u00f6r\u00fclbel\u00fcl egy \u00f3r\u00e1val a szexu\u00e1lis tev\u00e9kenys\u00e9g el\u0151tt bev\u00e9ve, a szildenafil hat\u00e9konys\u00e1gi ablaka k\u00f6r\u00fclbel\u00fcl 4-6 \u00f3ra.<\/p>\n<p>A szildenafil egyik figyelemre m\u00e9lt\u00f3 tulajdons\u00e1ga a gyors megjelen\u00e9se, amely n\u00e9pszer\u0171v\u00e9 tette a f\u00e9rfiak k\u00f6r\u00e9ben, akik azonnali megold\u00e1st keresnek az ED-re. Hat\u00e9konys\u00e1g\u00e1t klinikai vizsg\u00e1latok j\u00f3l dokument\u00e1lt\u00e1k, \u00e9s jelent\u0151s javul\u00e1st mutatnak az erekci\u00f3s funkci\u00f3ban a k\u00fcl\u00f6nb\u00f6z\u0151 popul\u00e1ci\u00f3kban. Az \u00e9lelmiszerekkel \u00e9s bizonyos gy\u00f3gyszerekkel val\u00f3 k\u00f6lcs\u00f6nhat\u00e1sa azonban befoly\u00e1solhatja a felsz\u00edv\u00f3d\u00e1s\u00e1t \u00e9s hat\u00e9konys\u00e1g\u00e1t, ami sz\u00fcks\u00e9gess\u00e9 teszi az id\u0151z\u00edt\u00e9s \u00e9s az \u00e9trendi t\u00e9nyez\u0151k gondos m\u00e9rlegel\u00e9s\u00e9t.<\/p>\n<h2>A Tadalafil egyed\u00fcl\u00e1ll\u00f3 tulajdons\u00e1gai<\/h2>\n<p>A Tadalafil, amelyet Cialis n\u00e9ven forgalmaznak, egy m\u00e1sik PDE5-inhibitor, amely hat\u00e1rozott farmakol\u00f3giai profillal rendelkezik. Legnagyobb el\u0151nye a szildenafillal szemben a hossz\u00fa felez\u00e9si ideje, amely lehet\u0151v\u00e9 teszi, hogy ak\u00e1r 36 \u00f3r\u00e1n kereszt\u00fcl is hat\u00e9kony maradjon. Ez a meghosszabb\u00edtott id\u0151tartam ki\u00e9rdemelte a becenevet &quot;a h\u00e9tv\u00e9gi tabletta,&quot; nagyobb rugalmass\u00e1got \u00e9s spontaneit\u00e1st biztos\u00edtva a felhaszn\u00e1l\u00f3k sz\u00e1m\u00e1ra.<\/p>\n<p>Hosszan tart\u00f3 hat\u00e1s\u00e1nak k\u00f6sz\u00f6nhet\u0151en a tadalafil kisebb napi adagokban is bevehet\u0151, folyamatos hat\u00e1st biztos\u00edtva an\u00e9lk\u00fcl, hogy a szexu\u00e1lis tev\u00e9kenys\u00e9ghez kellene id\u0151z\u00edteni a gy\u00f3gyszert. Ez a napi rendszer k\u00fcl\u00f6n\u00f6sen el\u0151ny\u00f6s lehet a gyakori szexu\u00e1lis aktivit\u00e1st folytat\u00f3 f\u00e9rfiak sz\u00e1m\u00e1ra, term\u00e9szetesebb megk\u00f6zel\u00edt\u00e9st biztos\u00edtva az ED kezel\u00e9s\u00e9ben. Hosszabb id\u0151tartama azonban elh\u00faz\u00f3d\u00f3 mell\u00e9khat\u00e1sokat is okozhat, amelyeket gondosan ellen\u0151rizni kell.<\/p>\n<h2>Vardenafil: Mit\u0151l k\u00fcl\u00f6nb\u00f6zik?<\/h2>\n<p>A Levitra m\u00e1rkan\u00e9ven ismert vardenafil sok hasonl\u00f3s\u00e1got mutat a szildenafillal, de gyakran el\u0151nyben r\u00e9szes\u00edtik valamivel hosszabb hat\u00e1startam \u00e9s szelekt\u00edvebb PDE5 g\u00e1tl\u00e1s miatt. Ez a szelektivit\u00e1s potenci\u00e1lisan cs\u00f6kkenti a PDE5-g\u00e1tl\u00f3kkal kapcsolatos mell\u00e9khat\u00e1sok, p\u00e9ld\u00e1ul a l\u00e1t\u00e1sv\u00e1ltoz\u00e1sok kock\u00e1zat\u00e1t.<\/p>\n<p>A szildenafilhez hasonl\u00f3an a vardenafilt is <a href=\"https:\/\/egeszseg-patika.com\/\">Eg\u00e9szs\u00e9g Patika<\/a> \u00e1ltal\u00e1ban k\u00f6r\u00fclbel\u00fcl egy \u00f3r\u00e1val a szexu\u00e1lis tev\u00e9kenys\u00e9g el\u0151tt veszik be, \u00e9s a hat\u00e1sa k\u00f6r\u00fclbel\u00fcl 4-5 \u00f3r\u00e1n \u00e1t tart. Hat\u00e9konys\u00e1g\u00e1t sz\u00e1mos tanulm\u00e1ny igazolta, k\u00fcl\u00f6n\u00f6sen olyan betegekn\u00e9l, akikn\u00e9l olyan alapbetegs\u00e9gben szenvednek, mint p\u00e9ld\u00e1ul a cukorbetegs\u00e9g, ahol er\u0151teljes reakci\u00f3t mutatott. A szildenafilhez k\u00e9pest valamivel gyorsabb megjelen\u00e9se el\u0151ny\u00f6s lehet egyes felhaszn\u00e1l\u00f3k sz\u00e1m\u00e1ra.<\/p>\n<h2>Gyakori t\u00e9vhitek a PDE5-inhibitorokr\u00f3l<\/h2>\n<p>Sz\u00e9lesk\u00f6r\u0171 haszn\u00e1latuk ellen\u00e9re sz\u00e1mos m\u00edtosz \u00e9l a PDE5-g\u00e1tl\u00f3kkal kapcsolatban. Az egyik gyakori t\u00e9vhit az, hogy n\u00f6velhetik a szexu\u00e1lis v\u00e1gyat; a val\u00f3s\u00e1gban ezek a gy\u00f3gyszerek nem befoly\u00e1solj\u00e1k a libid\u00f3t, ink\u00e1bb el\u0151seg\u00edtik az erekci\u00f3 fiziol\u00f3gi\u00e1s folyamat\u00e1t. Hat\u00e9kony m\u0171k\u00f6d\u00e9s\u00fckh\u00f6z szexu\u00e1lis stimul\u00e1ci\u00f3ra van sz\u00fcks\u00e9g\u00fck, eloszlatva azt a gondolatot, hogy spont\u00e1n erekci\u00f3t okozhatnak.<\/p>\n<p>Egy m\u00e1sik m\u00edtosz az, hogy a PDE5-g\u00e1tl\u00f3k csak id\u0151sebb f\u00e9rfiak sz\u00e1m\u00e1ra k\u00e9sz\u00fcltek. M\u00edg az ED az \u00e9letkor el\u0151rehaladt\u00e1val egyre elterjedtebb, k\u00fcl\u00f6nf\u00e9le t\u00e9nyez\u0151k, p\u00e9ld\u00e1ul pszichol\u00f3giai stressz, \u00e9letm\u00f3dbeli d\u00f6nt\u00e9sek \u00e9s eg\u00e9szs\u00e9g\u00fcgyi \u00e1llapotok miatt b\u00e1rmilyen kor\u00fa f\u00e9rfit \u00e9rinthet. A PDE5-g\u00e1tl\u00f3k k\u00fcl\u00f6nb\u00f6z\u0151 korcsoportokban lehetnek hat\u00e1sosak, felt\u00e9ve, hogy nincs ellenjavallat.<\/p>\n<h2>A hat\u00e9konys\u00e1g \u00f6sszehasonl\u00edt\u00e1sa: Sildenafil vs Tadalafil vs Vardenafil<\/h2>\n<p>A PDE5 inhibitorok \u00f6sszehasonl\u00edt\u00e1sakor hat\u00e9konys\u00e1guk nagym\u00e9rt\u00e9kben f\u00fcgg az egy\u00e9ni v\u00e1laszt\u00f3l \u00e9s preferenci\u00e1t\u00f3l. A szildenafil, a tadalafil \u00e9s a vardenafil mindegyike magas hat\u00e1sfok\u00fa, de a hat\u00e1s id\u0151tartama \u00e9s a kezdeti id\u0151 k\u00fcl\u00f6nbs\u00e9gei befoly\u00e1solhatj\u00e1k a v\u00e1laszt\u00e1st. A szildenafil \u00e9s a vardenafil gyorsabb megjelen\u00e9st biztos\u00edt, m\u00edg a tadalafil hosszabb id\u0151tartama vonz\u00f3 azok sz\u00e1m\u00e1ra, akik hosszan tart\u00f3 hat\u00e1st keresnek.<\/p>\n<p>Klinikai vizsg\u00e1latok azt sugallj\u00e1k, hogy mindh\u00e1rom gy\u00f3gyszer jelent\u0151sen jav\u00edtja az erekci\u00f3s funkci\u00f3t, \u00e9s a tadalafilt gyakran eml\u00edtik az elh\u00faz\u00f3d\u00f3 lehet\u0151s\u00e9g miatt. A k\u00f6z\u00f6tt\u00fck val\u00f3 v\u00e1laszt\u00e1s bizonyos eg\u00e9szs\u00e9g\u00fcgyi megfontol\u00e1sokt\u00f3l is f\u00fcgghet, mint p\u00e9ld\u00e1ul a megl\u00e9v\u0151 eg\u00e9szs\u00e9g\u00fcgyi \u00e1llapotok, lehets\u00e9ges gy\u00f3gyszerk\u00f6lcs\u00f6nhat\u00e1sok \u00e9s \u00e9letm\u00f3dbeli t\u00e9nyez\u0151k.<\/p>\n<h2>Lehets\u00e9ges mell\u00e9khat\u00e1sok \u00e9s biztons\u00e1gi szempontok<\/h2>\n<p>Mint minden gy\u00f3gyszernek, a PDE5-g\u00e1tl\u00f3knak is lehetnek mell\u00e9khat\u00e1sai. A gyakori mell\u00e9khat\u00e1sok k\u00f6z\u00e9 tartozik a fejf\u00e1j\u00e1s, kipirul\u00e1s, orrdugul\u00e1s \u00e9s em\u00e9szt\u00e9si zavar. Ezek \u00e1ltal\u00e1ban enyh\u00e9k \u00e9s \u00e1tmenetiek, de el\u0151fordulhatnak s\u00falyosabb mell\u00e9khat\u00e1sok is, mint p\u00e9ld\u00e1ul hirtelen hall\u00e1sveszt\u00e9s vagy l\u00e1t\u00e1sv\u00e1ltoz\u00e1sok, amelyek azonnali orvosi ell\u00e1t\u00e1st ig\u00e9nyelnek.<\/p>\n<p>A biztons\u00e1gi szempontok a legfontosabbak, k\u00fcl\u00f6n\u00f6sen a sz\u00edv- \u00e9s \u00e9rrendszeri betegs\u00e9gekben szenved\u0151k eset\u00e9ben. A PDE5-g\u00e1tl\u00f3k k\u00f6lcs\u00f6nhat\u00e1sba l\u00e9phetnek a nitr\u00e1tokkal \u00e9s bizonyos v\u00e9rnyom\u00e1scs\u00f6kkent\u0151 szerekkel, ami vesz\u00e9lyes v\u00e9rnyom\u00e1ses\u00e9shez vezethet. Ez\u00e9rt kulcsfontoss\u00e1g\u00fa, hogy minden gy\u00f3gyszert \u00e9s eg\u00e9szs\u00e9g\u00fcgyi \u00e1llapotot megvitassanak egy eg\u00e9szs\u00e9g\u00fcgyi szolg\u00e1ltat\u00f3val a PDE5-g\u00e1tl\u00f3k alkalmaz\u00e1sa el\u0151tt.<\/p>\n<h2>Az \u00e9lelmiszerek \u00e9s az alkohol hat\u00e1sa a PDE5-inhibitorokra<\/h2>\n<p>Az \u00e9tel \u00e9s az alkohol befoly\u00e1solhatja a PDE5-g\u00e1tl\u00f3k felsz\u00edv\u00f3d\u00e1s\u00e1t \u00e9s hat\u00e9konys\u00e1g\u00e1t. A szildenafil \u00e9s a vardenafil cs\u00f6kkentheti a hat\u00e9konys\u00e1got, ha magas zs\u00edrtartalm\u00fa \u00e9tellel egy\u00fctt veszik be, mivel ez k\u00e9sleltetheti felsz\u00edv\u00f3d\u00e1sukat. A tadalafilt azonban kev\u00e9sb\u00e9 befoly\u00e1solja az \u00e9tel, ami kis el\u0151nyt jelent azok sz\u00e1m\u00e1ra, akik rugalmass\u00e1got keresnek az \u00e9tkez\u00e9s tervez\u00e9s\u00e9ben.<\/p>\n<p>Az alkoholfogyaszt\u00e1st m\u00e9rs\u00e9kelni kell a PDE5-g\u00e1tl\u00f3k alkalmaz\u00e1sakor, mivel a t\u00falzott iv\u00e1s ronthatja az erekci\u00f3s funkci\u00f3t \u00e9s n\u00f6velheti a mell\u00e9khat\u00e1sok kock\u00e1zat\u00e1t. A m\u00e9rs\u00e9kelt mennyis\u00e9g\u0171 alkohol \u00e1ltal\u00e1ban biztons\u00e1gosnak tekinthet\u0151, de az egy\u00e9ni toleranciaszintek v\u00e1ltozhatnak, \u00e9s a felhaszn\u00e1l\u00f3knak tiszt\u00e1ban kell lenni\u00fck azzal, hogy szervezet\u00fck hogyan reag\u00e1l a kombin\u00e1ci\u00f3ra.<\/p>\n<h2>PDE5-g\u00e1tl\u00f3k \u00e9s a sz\u00edv eg\u00e9szs\u00e9ge: amit tudnod kell<\/h2>\n<p>A PDE5-g\u00e1tl\u00f3k \u00e9s a sz\u00edv eg\u00e9szs\u00e9ge k\u00f6z\u00f6tti kapcsolat \u00f6sszetett. B\u00e1r ezek a gy\u00f3gyszerek enyh\u00e9n cs\u00f6kkenthetik a v\u00e9rnyom\u00e1st, \u00e1ltal\u00e1ban biztons\u00e1gosak a legt\u00f6bb stabil sz\u00edv- \u00e9s \u00e9rrendszeri \u00e1llapot\u00fa f\u00e9rfi sz\u00e1m\u00e1ra. Azonban \u00f3vatoss\u00e1g javasolt azoknak, akik s\u00falyos sz\u00edvbetegs\u00e9gben szenvednek, vagy akik olyan gy\u00f3gyszereket szednek, mint a nitr\u00e1tok, mivel a k\u00f6lcs\u00f6nhat\u00e1sok k\u00e1rosak lehetnek.<\/p>\n<p>A kutat\u00e1sok a PDE5-g\u00e1tl\u00f3k potenci\u00e1lis sz\u00edv- \u00e9s \u00e9rrendszeri el\u0151nyeire utalnak, mint p\u00e9ld\u00e1ul az endothel funkci\u00f3 javul\u00e1sa \u00e9s a pulmon\u00e1lis hipert\u00f3nia eset\u00e9n a v\u00e9rnyom\u00e1s cs\u00f6kken\u00e9se. Mindazon\u00e1ltal ezek az eredm\u00e9nyek kiterjedtebb tanulm\u00e1nyokat ig\u00e9nyelnek, hogy teljes m\u00e9rt\u00e9kben meg\u00e9rts\u00fck a sz\u00edv eg\u00e9szs\u00e9g\u00e9re gyakorolt \u200b\u200b\u200b\u200bhat\u00e1sukat.<\/p>\n<h2>PDE5 g\u00e1tl\u00f3k \u00e9s pszichol\u00f3giai j\u00f3l\u00e9t<\/h2>\n<p>Az ED pszichol\u00f3giai hat\u00e1sa jelent\u0151s lehet, befoly\u00e1solhatja az \u00f6nbecs\u00fcl\u00e9st \u00e9s a kapcsolatokat. A PDE5-g\u00e1tl\u00f3k hozz\u00e1j\u00e1rulhatnak a pszichol\u00f3giai j\u00f3l\u00e9t jav\u00edt\u00e1s\u00e1hoz az erekci\u00f3s funkci\u00f3 \u00e9s az \u00f6nbizalom helyre\u00e1ll\u00edt\u00e1s\u00e1val. Sok felhaszn\u00e1l\u00f3 arr\u00f3l sz\u00e1mol be, hogy a hat\u00e9kony kezel\u00e9st k\u00f6vet\u0151en javult az \u00e9letmin\u0151s\u00e9g \u00e9s az interperszon\u00e1lis kapcsolatok.<\/p>\n<p>M\u00edg a PDE5-g\u00e1tl\u00f3k az ED fizikai vonatkoz\u00e1sait kezelik, el\u0151fordulhat, hogy a pszichol\u00f3giai t\u00e9nyez\u0151kkel, p\u00e9ld\u00e1ul a szorong\u00e1ssal \u00e9s a depresszi\u00f3val is foglalkozni kell. A kognit\u00edv viselked\u00e9ster\u00e1pia vagy tan\u00e1csad\u00e1s el\u0151ny\u00f6s lehet a gy\u00f3gyszeres kezel\u00e9ssel egy\u00fctt az optim\u00e1lis eredm\u00e9nyek el\u00e9r\u00e9se \u00e9rdek\u00e9ben.<\/p>\n<h2>M\u00edtoszok kontra t\u00e9nyek: T\u00e9vhitek tiszt\u00e1z\u00e1sa<\/h2>\n<p>A PDE5-inhibitorokkal kapcsolatos t\u00e9vhitek tiszt\u00e1z\u00e1sa elengedhetetlen a megalapozott d\u00f6nt\u00e9shozatalhoz. Elterjedt m\u00edtosz a f\u00fcgg\u0151s\u00e9g kock\u00e1zata; ezek a gy\u00f3gyszerek azonban nem okoznak fizikai f\u00fcgg\u0151s\u00e9get. El\u0151\u00edr\u00e1sszer\u0171 haszn\u00e1lat \u00e9s orvosi fel\u00fcgyelet mellett biztons\u00e1gosak.<\/p>\n<p>Egy m\u00e1sik t\u00e9vhit az, hogy a PDE5 inhibitorok tart\u00f3san gy\u00f3gy\u00edthatj\u00e1k az ED-t. B\u00e1r hat\u00e9konyak a t\u00fcnetek kezel\u00e9s\u00e9ben, nem kezelik a m\u00f6g\u00f6ttes okokat. Egy \u00e1tfog\u00f3 megk\u00f6zel\u00edt\u00e9s, amely mag\u00e1ban foglalja az \u00e9letm\u00f3d megv\u00e1ltoztat\u00e1s\u00e1t \u00e9s a hozz\u00e1j\u00e1rul\u00f3 t\u00e9nyez\u0151k kezel\u00e9s\u00e9t, elengedhetetlen a hossz\u00fa t\u00e1v\u00fa kezel\u00e9shez.<\/p>\n<h2>A PDE5-g\u00e1tl\u00f3k j\u00f6v\u0151je az orvostudom\u00e1nyban<\/h2>\n<p>A PDE5-inhibitorok j\u00f6v\u0151je \u00edg\u00e9retes a folyamatban l\u00e9v\u0151 kutat\u00e1sokkal, amelyek az ED-n t\u00fali \u00faj alkalmaz\u00e1sokat vizsg\u00e1lnak. Tanulm\u00e1nyok vizsg\u00e1lj\u00e1k potenci\u00e1ljukat olyan \u00e1llapotok kezel\u00e9s\u00e9ben, mint a pulmon\u00e1lis hipert\u00f3nia, sz\u00edvel\u00e9gtelens\u00e9g \u00e9s m\u00e9g bizonyos t\u00edpus\u00fa r\u00e1k.<\/p>\n<p>A PDE5-inhibitor-k\u00e9sz\u00edtm\u00e9nyek fejleszt\u00e9se, p\u00e9ld\u00e1ul a gyorsabb hat\u00e1s\u00fa \u00e9s c\u00e9lzottabb v\u00e1ltozatok fokozhatj\u00e1k hat\u00e9konys\u00e1gukat \u00e9s cs\u00f6kkenthetik a mell\u00e9khat\u00e1sokat. A folyamatos kutat\u00e1s \u00e9s innov\u00e1ci\u00f3 val\u00f3sz\u00edn\u0171leg kiterjeszti ter\u00e1pi\u00e1s alkalmaz\u00e1sukat, ami a betegek sz\u00e9lesebb k\u00f6r\u00e9nek haszn\u00e1ra v\u00e1lik.<\/p>\n<h2>Besz\u00e9ljen orvos\u00e1val a PDE5-inhibitorokr\u00f3l<\/h2>\n<p>A PDE5-inhibitorok eg\u00e9szs\u00e9g\u00fcgyi szolg\u00e1ltat\u00f3val val\u00f3 megbesz\u00e9l\u00e9se l\u00e9tfontoss\u00e1g\u00fa l\u00e9p\u00e9s az ED kezel\u00e9s\u00e9ben. Ennek a besz\u00e9lget\u00e9snek ki kell terjednie a lehets\u00e9ges el\u0151ny\u00f6kre, kock\u00e1zatokra \u00e9s minden olyan eg\u00e9szs\u00e9g\u00fcgyi k\u00f6r\u00fclm\u00e9nyre, amely befoly\u00e1solhatja a kezel\u00e9s kiv\u00e1laszt\u00e1s\u00e1t. A szem\u00e9lyes eg\u00e9szs\u00e9g\u00fcgyi t\u00f6rt\u00e9net \u00e9s a gy\u00f3gyszerk\u00f6lcs\u00f6nhat\u00e1sok ismerete elengedhetetlen a biztons\u00e1gos \u00e9s hat\u00e9kony haszn\u00e1lathoz.<\/p>\n<p>A betegeknek k\u00e9nyelmesen meg kell besz\u00e9lni\u00fck agg\u00e1lyaikat \u00e9s preferenci\u00e1ikat orvosukkal, mivel a ny\u00edlt kommunik\u00e1ci\u00f3 jelent\u0151sen befoly\u00e1solhatja a kezel\u00e9s siker\u00e9t. A szolg\u00e1ltat\u00f3k \u00fatmutat\u00e1st adhatnak arra vonatkoz\u00f3an, hogy melyik PDE5 inhibitor felel meg a legjobban az egy\u00e9ni ig\u00e9nyeknek \u00e9s k\u00f6r\u00fclm\u00e9nyeknek.<\/p>\n<h2>\u00c9letm\u00f3dv\u00e1lt\u00e1sok a PDE5-inhibitor hat\u00e9konys\u00e1g\u00e1nak fokoz\u00e1sa \u00e9rdek\u00e9ben<\/h2>\n<p>Az \u00e9letm\u00f3d megv\u00e1ltoztat\u00e1sa fokozhatja a PDE5-g\u00e1tl\u00f3k hat\u00e9konys\u00e1g\u00e1t. A rendszeres testmozg\u00e1s, a kiegyens\u00falyozott \u00e9trend \u00e9s az eg\u00e9szs\u00e9ges tests\u00faly meg\u0151rz\u00e9se hozz\u00e1j\u00e1rul az erekci\u00f3s funkci\u00f3 \u00e9s az \u00e1ltal\u00e1nos eg\u00e9szs\u00e9g javul\u00e1s\u00e1hoz. A stressz cs\u00f6kkent\u00e9se \u00e9s a doh\u00e1nyz\u00e1s abbahagy\u00e1sa is pozit\u00edv hat\u00e1ssal j\u00e1rhat.<\/p>\n<p>A gy\u00f3gyszeres kezel\u00e9s mellett az \u00e9letm\u00f3dbeli t\u00e9nyez\u0151k kezel\u00e9se az erekci\u00f3s funkci\u00f3 fenntarthat\u00f3bb javul\u00e1s\u00e1hoz vezethet. Pozit\u00edv v\u00e1ltoztat\u00e1sokkal az egy\u00e9nek t\u00e1mogathatj\u00e1k a PDE5-g\u00e1tl\u00f3k hat\u00e9konys\u00e1g\u00e1t \u00e9s jav\u00edthatj\u00e1k \u00e9letmin\u0151s\u00e9g\u00fcket.<\/p>\n","protected":false},"excerpt":{"rendered":"<p>A PDE5-g\u00e1tl\u00f3k magyar\u00e1zata: hogyan m\u0171k\u00f6dik a szildenafil, a tadalafil \u00e9s a vardenafil: m\u00edtoszrombol\u00f3 kiad\u00e1s Fedezze [&hellip;]<\/p>\n","protected":false},"author":1,"featured_media":0,"parent":0,"menu_order":0,"comment_status":"closed","ping_status":"closed","template":"","meta":{"footnotes":""},"class_list":["post-39220","page","type-page","status-publish","hentry"],"_links":{"self":[{"href":"https:\/\/pematekfcvac.unisel.edu.my\/index.php?rest_route=\/wp\/v2\/pages\/39220","targetHints":{"allow":["GET"]}}],"collection":[{"href":"https:\/\/pematekfcvac.unisel.edu.my\/index.php?rest_route=\/wp\/v2\/pages"}],"about":[{"href":"https:\/\/pematekfcvac.unisel.edu.my\/index.php?rest_route=\/wp\/v2\/types\/page"}],"author":[{"embeddable":true,"href":"https:\/\/pematekfcvac.unisel.edu.my\/index.php?rest_route=\/wp\/v2\/users\/1"}],"replies":[{"embeddable":true,"href":"https:\/\/pematekfcvac.unisel.edu.my\/index.php?rest_route=%2Fwp%2Fv2%2Fcomments&post=39220"}],"version-history":[{"count":1,"href":"https:\/\/pematekfcvac.unisel.edu.my\/index.php?rest_route=\/wp\/v2\/pages\/39220\/revisions"}],"predecessor-version":[{"id":39221,"href":"https:\/\/pematekfcvac.unisel.edu.my\/index.php?rest_route=\/wp\/v2\/pages\/39220\/revisions\/39221"}],"wp:attachment":[{"href":"https:\/\/pematekfcvac.unisel.edu.my\/index.php?rest_route=%2Fwp%2Fv2%2Fmedia&parent=39220"}],"curies":[{"name":"wp","href":"https:\/\/api.w.org\/{rel}","templated":true}]}}