{"id":39298,"date":"2026-03-25T00:05:53","date_gmt":"2026-03-25T00:05:53","guid":{"rendered":"https:\/\/pematekfcvac.unisel.edu.my\/?page_id=39298"},"modified":"2026-03-25T00:05:53","modified_gmt":"2026-03-25T00:05:53","slug":"intelegerea-super-kamagra-compozitie-si-scop","status":"publish","type":"page","link":"https:\/\/pematekfcvac.unisel.edu.my\/?page_id=39298","title":{"rendered":"\u00cen\u021belegerea Super Kamagra: Compozi\u021bie \u0219i scop"},"content":{"rendered":"<h1>C\u00e2nd este prescris Super Kamagra \u0219i cum func\u021bioneaz\u0103<\/h1>\n<p>Super Kamagra este un medicament cu dubl\u0103 ac\u021biune prescris pentru tratamentul disfunc\u021biei erectile \u0219i al ejacul\u0103rii precoce, oferind o abordare cu mai multe fa\u021bete a s\u0103n\u0103t\u0103\u021bii sexuale masculine.<\/p>\n<h2>\u00cen\u021belegerea Super Kamagra: Compozi\u021bie \u0219i scop<\/h2>\n<p>Super Kamagra este un produs farmaceutic unic care combin\u0103 dou\u0103 ingrediente active: citrat de sildenafil \u0219i dapoxetin\u0103. Scopul principal al acestui medicament este de a aborda dou\u0103 probleme comune de s\u0103n\u0103tate sexual\u0103 la b\u0103rba\u021bi &#8211; disfunc\u021bia erectil\u0103 (DE) \u0219i ejacularea precoce (EP). Prin combinarea acestor doi agen\u021bi activi, Super Kamagra ofer\u0103 o abordare cuprinz\u0103toare pentru gestionarea simultan\u0103 a acestor afec\u021biuni.<\/p>\n<p>Citratul de sildenafil, acela\u0219i ingredient activ g\u0103sit \u00een Viagra, este binecunoscut pentru eficacitatea sa \u00een tratarea ED prin \u00eembun\u0103t\u0103\u021birea fluxului sanguin c\u0103tre penis, facilit\u00e2nd astfel o erec\u021bie. Dapoxetina, pe de alt\u0103 parte, este un inhibitor selectiv al recapt\u0103rii serotoninei (SSRI) special conceput pentru tratamentul PE, prelungind timpul de ejaculare \u0219i \u00eembun\u0103t\u0103\u021bind controlul asupra ejacul\u0103rii.<\/p>\n<h2>Afec\u021biuni medicale tratate cu Super Kamagra<\/h2>\n<p>Super Kamagra este prescris \u00een primul r\u00e2nd b\u0103rba\u021bilor care sufer\u0103 at\u00e2t de disfunc\u021bie erectil\u0103, c\u00e2t \u0219i de ejaculare precoce. Aceste condi\u021bii pot afecta semnificativ calitatea vie\u021bii \u0219i satisfac\u021bia sexual\u0103 a unui b\u0103rbat, duc\u00e2nd adesea la stres psihologic \u0219i probleme de rela\u021bie. Prin \u021bintirea ambelor probleme, Super Kamagra ajut\u0103 la \u00eembun\u0103t\u0103\u021birea performan\u021bei sexuale \u0219i a \u00eencrederii.<\/p>\n<p>\u00cen timp ce ED \u0219i PE sunt principalele afec\u021biuni tratate cu acest medicament, este esen\u021bial ca pacien\u021bii s\u0103 fie supu\u0219i unei evalu\u0103ri medicale cuprinz\u0103toare \u00eenainte de a \u00eencepe tratamentul. Acest lucru asigur\u0103 c\u0103 Super Kamagra este adecvat pentru nevoile lor specifice de s\u0103n\u0103tate \u0219i c\u0103 orice afec\u021biune de baz\u0103 este gestionat\u0103 corespunz\u0103tor.<\/p>\n<h2>Mecanism de ac\u021biune: Cum func\u021bioneaz\u0103 Super Kamagra \u00een organism<\/h2>\n<p>Mecanismul de ac\u021biune pentru Super Kamagra implic\u0103 efectele sinergice ale celor dou\u0103 ingrediente active ale sale. Citratul de sildenafil ac\u021bioneaz\u0103 prin inhibarea enzimei fosfodiesterazei de tip 5 (PDE5), care are ca rezultat relaxarea mu\u0219chilor netezi din penis \u0219i cre\u0219terea fluxului sanguin, esen\u021bial pentru ob\u021binerea \u0219i men\u021binerea unei erec\u021bii.<\/p>\n<p>Dapoxetina, \u00eentre timp, func\u021bioneaz\u0103 \u00een sistemul nervos central. Cre\u0219te nivelul serotoninei, un neurotransmi\u021b\u0103tor care joac\u0103 un rol cheie \u00een controlul st\u0103rii de spirit \u0219i al ejacul\u0103rii. Prin \u00eent\u00e2rzierea reabsorb\u021biei serotoninei, dapoxetina ajut\u0103 la prelungirea timpului p\u00e2n\u0103 la ejaculare, oferind ameliorarea ejacularei precoce.<\/p>\n<h2>Rolul Sildenafilului \u0219i Dapoxetinei \u00een Super Kamagra<\/h2>\n<p>Sildenafilul \u0219i dapoxetina joac\u0103 fiecare un rol critic \u00een eficacitatea Super Kamagra. Func\u021bia principal\u0103 a sildenafilului este de a facilita erec\u021biile prin \u00eembun\u0103t\u0103\u021birea fluxului de s\u00e2nge c\u0103tre \u021besuturile penisului. Efectul s\u0103u este de obicei observat \u00een 30 p\u00e2n\u0103 la 60 de minute de la ingestie, cu o durat\u0103 de p\u00e2n\u0103 la patru ore, ceea ce \u00eel face ideal pentru utilizare \u00eenainte de activitatea sexual\u0103.<\/p>\n<p>Dapoxetina, cu ac\u021biunea sa rapid\u0103, este luat\u0103 la nevoie, mai degrab\u0103 dec\u00e2t zilnic. Absorb\u021bia sa rapid\u0103 \u00eei permite s\u0103 func\u021bioneze \u00een decurs de una p\u00e2n\u0103 la dou\u0103 ore, gestion\u00e2nd eficient ejacularea precoce atunci c\u00e2nd este luat\u0103 cu pu\u021bin timp \u00eenainte de activitatea sexual\u0103 anticipat\u0103.<\/p>\n<h2>Compararea Super Kamagra cu alte tratamente ED<\/h2>\n<p>Super Kamagra se remarc\u0103 printre alte tratamente ED datorit\u0103 formul\u0103rii sale cu dubl\u0103 ac\u021biune. \u00cen timp ce medicamentele tradi\u021bionale ED, cum ar fi Viagra, Cialis \u0219i Levitra, se concentreaz\u0103 exclusiv pe disfunc\u021bia erectil\u0103, Super Kamagra se adreseaz\u0103 at\u00e2t ED, c\u00e2t \u0219i PE. Acest lucru \u00eel face o op\u021biune preferat\u0103 pentru b\u0103rba\u021bii care se confrunt\u0103 cu ambele afec\u021biuni simultan.<\/p>\n<p>Cu toate acestea, este important s\u0103 <a href=\"https:\/\/ingrijireonline.net\/super-kamagra-pret-fara-reteta\">https:\/\/ingrijireonline.net\/super-kamagra-pret-fara-reteta<\/a> re\u021bine\u021bi c\u0103 Super Kamagra poate s\u0103 nu fie potrivit pentru toat\u0103 lumea. Tratamentele alternative, inclusiv medicamente cu ac\u021biune unic\u0103 \u0219i modific\u0103ri ale stilului de via\u021b\u0103, pot fi recomandate pe baza profilurilor individuale de s\u0103n\u0103tate. Pacien\u021bii ar trebui s\u0103 se angajeze \u00een discu\u021bii cu furnizorii de asisten\u021b\u0103 medical\u0103 pentru a determina cel mai potrivit tratament pentru nevoile lor.<\/p>\n<h2>Ghid de dozare pentru Super Kamagra<\/h2>\n<p>Super Kamagra este de obicei disponibil sub form\u0103 de tablete, fiecare comprimat con\u021bin\u00e2nd 100 mg de sildenafil \u0219i 60 mg de dapoxetin\u0103. Doza recomandat\u0103 este de un comprimat luat cu aproximativ una p\u00e2n\u0103 la dou\u0103 ore \u00eenainte de activitatea sexual\u0103. Este esen\u021bial s\u0103 nu dep\u0103\u0219i\u021bi doza prescris\u0103 pentru a evita poten\u021bialele efecte secundare \u0219i pentru a asigura eficacitatea optim\u0103.<\/p>\n<p>Pacien\u021bii trebuie s\u0103 respecte cu stricte\u021be sfaturile medicale cu privire la dozare, \u00een special av\u00e2nd \u00een vedere natura puternic\u0103 a ingredientelor sale active. Pot fi necesare ajust\u0103ri pe baza r\u0103spunsului individual \u0219i a tolerabilit\u0103\u021bii, iar orice modificare trebuie f\u0103cut\u0103 numai sub supraveghere medical\u0103.<\/p>\n<h2>Efecte secundare poten\u021biale \u0219i preocup\u0103ri legate de siguran\u021b\u0103<\/h2>\n<p>Ca toate medicamentele, Super Kamagra poate provoca reac\u021bii adverse, de\u0219i nu toat\u0103 lumea le experimenteaz\u0103. Reac\u021biile adverse frecvente includ dureri de cap, ame\u021beli, \u00eenro\u0219irea fe\u021bei, congestie nazal\u0103 \u0219i tulbur\u0103ri digestive. Aceste efecte sunt de obicei u\u0219oare p\u00e2n\u0103 la moderate \u0219i tind s\u0103 se rezolve de la sine.<\/p>\n<p>Reac\u021bii adverse mai grave, de\u0219i rare, pot ap\u0103rea \u0219i pot include tulbur\u0103ri de vedere, pierderea auzului sau erec\u021bii prelungite (priapism). Este necesar\u0103 asisten\u021b\u0103 medical\u0103 imediat\u0103 \u00een cazul \u00een care apar reac\u021bii adverse severe. De asemenea, este esen\u021bial ca pacien\u021bii s\u0103-\u0219i dezv\u0103luie istoricul medical complet furnizorului lor de asisten\u021b\u0103 medical\u0103 pentru a atenua riscurile asociate cu afec\u021biunile preexistente sau cu interac\u021biunile cu alte medicamente.<\/p>\n<h2>Cine ar trebui s\u0103 evite utilizarea Super Kamagra<\/h2>\n<p>Super Kamagra nu este potrivit pentru toat\u0103 lumea. B\u0103rba\u021bii care au afec\u021biuni cardiovasculare, cum ar fi boli severe de inim\u0103 sau cei care au suferit recent un accident vascular cerebral sau un atac de cord, ar trebui s\u0103 evite utilizarea acestui medicament. \u00cen plus, persoanele cu insuficien\u021b\u0103 hepatic\u0103 sau renal\u0103 sau cele alergice la sildenafil sau dapoxetin\u0103 ar trebui s\u0103 se ab\u021bin\u0103 de la a lua Super Kamagra.<\/p>\n<p>\u00cen plus, nu este recomandat pentru utilizare femeilor sau persoanelor sub 18 ani. Pacien\u021bii trebuie s\u0103 caute tratamente alternative dac\u0103 se \u00eencadreaz\u0103 \u00een oricare dintre aceste categorii pentru a asigura siguran\u021ba \u0219i a evita efectele adverse.<\/p>\n<h2>Interac\u021biunile Super Kamagra cu alte medicamente<\/h2>\n<p>Super Kamagra poate interac\u021biona cu diferite medicamente, care pot fie \u00eembun\u0103t\u0103\u021bi, fie diminueaz\u0103 efectele sale. \u00cen special, nu trebuie utilizat \u00eempreun\u0103 cu nitra\u021bi, prescri\u0219i \u00een mod obi\u0219nuit pentru durerile toracice, deoarece aceast\u0103 combina\u021bie poate duce la o sc\u0103dere periculoas\u0103 a tensiunii arteriale.<\/p>\n<p>Alte interac\u021biuni poten\u021biale includ anumite antibiotice, medicamente antifungice \u0219i medicamente utilizate pentru tratarea HIV\/SIDA. Este imperativ ca pacien\u021bii s\u0103 furnizeze furnizorului de servicii medicale o list\u0103 cuprinz\u0103toare a tuturor medicamentelor \u0219i suplimentelor pe care le iau pentru a evita poten\u021bialele interac\u021biuni.<\/p>\n<h2>Eficacitatea Super Kamagra: studii clinice \u0219i recenzii ale pacien\u021bilor<\/h2>\n<p>Studiile clinice au ar\u0103tat c\u0103 Super Kamagra este eficient \u00een \u00eembun\u0103t\u0103\u021birea func\u021biei sexuale la b\u0103rba\u021bii cu ED \u0219i PE. Combina\u021bia de sildenafil \u0219i dapoxetin\u0103 a fost bine tolerat\u0103 \u00een studii, o propor\u021bie semnificativ\u0103 de participan\u021bi raport\u00e2nd o satisfac\u021bie sexual\u0103 sporit\u0103 \u0219i simptome reduse.<\/p>\n<p>Evalu\u0103rile pacien\u021bilor sus\u021bin \u00een continuare aceste constat\u0103ri, mul\u021bi utilizatori constat\u00e2nd o \u00eencredere \u00eembun\u0103t\u0103\u021bit\u0103 \u0219i performan\u021b\u0103 sexual\u0103. Cu toate acestea, ca \u0219i \u00een cazul oric\u0103rui medicament, experien\u021bele individuale pot varia, iar unii pacien\u021bi pot prezenta beneficii sau efecte secundare limitate.<\/p>\n<h2>Factorii stilului de via\u021b\u0103 \u0219i utilizarea Super Kamagra<\/h2>\n<p>Factorii stilului de via\u021b\u0103 pot influen\u021ba semnificativ eficacitatea Super Kamagra. B\u0103rba\u021bii sunt \u00eencuraja\u021bi s\u0103 men\u021bin\u0103 un stil de via\u021b\u0103 s\u0103n\u0103tos, inclusiv o diet\u0103 echilibrat\u0103, exerci\u021bii fizice regulate \u0219i moderarea consumului de alcool, pentru a optimiza beneficiile medicamentului.<\/p>\n<p>Reducerea stresului \u0219i bun\u0103starea psihologic\u0103 joac\u0103, de asemenea, un rol crucial \u00een gestionarea ED \u0219i PE. Pacien\u021bii sunt sf\u0103tui\u021bi s\u0103 ia \u00een considerare consiliere sau terapie dac\u0103 factorii psihologici contribuie la starea lor, deoarece acest lucru poate spori eficacitatea general\u0103 a tratamentului.<\/p>\n<h2>Consulta\u021bi un profesionist din domeniul s\u0103n\u0103t\u0103\u021bii \u00eenainte de a utiliza Super Kamagra<\/h2>\n<p>\u00cenainte de a \u00eencepe tratamentul cu Super Kamagra, este esen\u021bial ca pacien\u021bii s\u0103 consulte un profesionist din domeniul s\u0103n\u0103t\u0103\u021bii. O evaluare medical\u0103 am\u0103nun\u021bit\u0103 va ajuta la determinarea caracterului adecvat al acestui medicament \u0219i va asigura c\u0103 orice probleme de s\u0103n\u0103tate subiacente sunt abordate.<\/p>\n<p>Furnizorii de asisten\u021b\u0103 medical\u0103 vor oferi, de asemenea, \u00eendrum\u0103ri privind dozele, poten\u021bialele efecte secundare \u0219i posibilele interac\u021biuni cu alte medicamente, permi\u021b\u00e2nd pacien\u021bilor s\u0103 ia decizii informate cu privire la tratamentul lor.<\/p>\n<h2>Statutul legal \u0219i de reglementare al Super Kamagra<\/h2>\n<p>Statutul legal \u0219i de reglementare al Super Kamagra variaz\u0103 \u00een func\u021bie de \u021bar\u0103. \u00cen unele regiuni, este posibil s\u0103 nu fie aprobat pentru utilizare de c\u0103tre autorit\u0103\u021bile sanitare, \u00een timp ce \u00een altele, poate fi disponibil numai pe baz\u0103 de re\u021bet\u0103. Pacien\u021bii trebuie s\u0103 verifice statutul legal din localitatea lor \u0219i s\u0103 respecte reglement\u0103rile pentru a evita complica\u021biile legale.<\/p>\n<p>Este important s\u0103 achizi\u021biona\u021bi Super Kamagra din surse de renume pentru a asigura autenticitatea \u0219i siguran\u021ba produsului. Medicamentele contraf\u0103cute prezint\u0103 riscuri semnificative pentru s\u0103n\u0103tate \u0219i ar trebui evitate cu orice pre\u021b.<\/p>\n<h2>Cump\u0103rarea Super Kamagra: Op\u021biuni online \u0219i offline<\/h2>\n<p>Super Kamagra poate fi achizi\u021bionat at\u00e2t online, c\u00e2t \u0219i offline, dar este esen\u021bial ca cump\u0103r\u0103torii s\u0103 fie precau\u021bi. Farmaciile online ofer\u0103 confort, dar pot varia semnificativ \u00een ceea ce prive\u0219te fiabilitatea \u0219i calitatea produsului. Este indicat s\u0103 alege\u021bi platforme online care necesit\u0103 prescrip\u021bie medical\u0103 \u0219i care sunt verificate de autorit\u0103\u021bile sanitare.<\/p>\n<p>Achizi\u021biile offline de la farmacii autorizate ofer\u0103 o asigurare suplimentar\u0103 a calit\u0103\u021bii \u0219i legalit\u0103\u021bii. Pacien\u021bii ar trebui s\u0103 ia \u00een considerare cu aten\u021bie op\u021biunile lor de cump\u0103rare \u0219i s\u0103 acorde prioritate siguran\u021bei \u0219i autenticit\u0103\u021bii.<\/p>\n<h2>Evolu\u021bii viitoare \u0219i cercetare \u00een tratamentele ED<\/h2>\n<p>Domeniul tratamentului disfunc\u021biei erectile este \u00een continu\u0103 evolu\u021bie, cu cercet\u0103ri continue care vizeaz\u0103 dezvoltarea unor op\u021biuni mai eficiente \u0219i mai sigure. Progresele \u00een terapiile farmacologice, precum \u0219i noi perspective asupra cauzelor \u0219i mecanismelor ED \u0219i PE pot duce la tratamente \u00eembun\u0103t\u0103\u021bite.<\/p>\n<p>Inova\u021bii precum terapia genic\u0103, cercetarea cu celule stem \u0219i medicina personalizat\u0103 sunt promi\u021b\u0103toare pentru viitor. Pe m\u0103sur\u0103 ce cercetarea progreseaz\u0103, pacien\u021bii pot beneficia de op\u021biuni de tratament mai bine direc\u021bionate \u0219i personalizate, \u00eembun\u0103t\u0103\u021bind \u0219i mai mult s\u0103n\u0103tatea sexual\u0103 \u0219i calitatea vie\u021bii.<\/p>\n","protected":false},"excerpt":{"rendered":"<p>C\u00e2nd este prescris Super Kamagra \u0219i cum func\u021bioneaz\u0103 Super Kamagra este un medicament cu dubl\u0103 [&hellip;]<\/p>\n","protected":false},"author":1,"featured_media":0,"parent":0,"menu_order":0,"comment_status":"closed","ping_status":"closed","template":"","meta":{"footnotes":""},"class_list":["post-39298","page","type-page","status-publish","hentry"],"_links":{"self":[{"href":"https:\/\/pematekfcvac.unisel.edu.my\/index.php?rest_route=\/wp\/v2\/pages\/39298","targetHints":{"allow":["GET"]}}],"collection":[{"href":"https:\/\/pematekfcvac.unisel.edu.my\/index.php?rest_route=\/wp\/v2\/pages"}],"about":[{"href":"https:\/\/pematekfcvac.unisel.edu.my\/index.php?rest_route=\/wp\/v2\/types\/page"}],"author":[{"embeddable":true,"href":"https:\/\/pematekfcvac.unisel.edu.my\/index.php?rest_route=\/wp\/v2\/users\/1"}],"replies":[{"embeddable":true,"href":"https:\/\/pematekfcvac.unisel.edu.my\/index.php?rest_route=%2Fwp%2Fv2%2Fcomments&post=39298"}],"version-history":[{"count":1,"href":"https:\/\/pematekfcvac.unisel.edu.my\/index.php?rest_route=\/wp\/v2\/pages\/39298\/revisions"}],"predecessor-version":[{"id":39299,"href":"https:\/\/pematekfcvac.unisel.edu.my\/index.php?rest_route=\/wp\/v2\/pages\/39298\/revisions\/39299"}],"wp:attachment":[{"href":"https:\/\/pematekfcvac.unisel.edu.my\/index.php?rest_route=%2Fwp%2Fv2%2Fmedia&parent=39298"}],"curies":[{"name":"wp","href":"https:\/\/api.w.org\/{rel}","templated":true}]}}