{"id":39466,"date":"2026-03-25T00:56:23","date_gmt":"2026-03-25T00:56:23","guid":{"rendered":"https:\/\/pematekfcvac.unisel.edu.my\/?page_id=39466"},"modified":"2026-03-25T00:56:23","modified_gmt":"2026-03-25T00:56:23","slug":"intelegerea-zyrtec-si-utilizarile-sale","status":"publish","type":"page","link":"https:\/\/pematekfcvac.unisel.edu.my\/?page_id=39466","title":{"rendered":"\u00cen\u021belegerea Zyrtec \u0219i utiliz\u0103rile sale"},"content":{"rendered":"<h1>Cump\u0103rarea Zyrtec Generic online: eligibilitate \u0219i \u00eendrum\u0103ri<\/h1>\n<p>Navigarea prin achizi\u021bionarea online a Zyrtec Generic necesit\u0103 \u00een\u021belegerea utiliz\u0103rilor sale, criteriile de eligibilitate \u0219i asigurarea siguran\u021bei prin surse legitime.<\/p>\n<h2>\u00cen\u021belegerea Zyrtec \u0219i utiliz\u0103rile sale<\/h2>\n<p>Zyrtec, cunoscut generic sub numele de cetirizin\u0103, este un antihistaminic utilizat pe scar\u0103 larg\u0103 pentru a ameliora simptomele alergice, cum ar fi curgerea nasului, str\u0103nutul \u0219i m\u00e2nc\u0103rimea ochilor. Este eficient \u00een gestionarea simptomelor asociate cu febra f\u00e2nului \u0219i alte alergii ale c\u0103ilor respiratorii superioare. Zyrtec ac\u021bioneaz\u0103 prin blocarea ac\u021biunii histaminei, o substan\u021b\u0103 din organism care provoac\u0103 simptome alergice.<\/p>\n<p>\u00cen timp ce Zyrtec este folosit \u00een principal pentru ameliorarea alergiilor, poate fi de asemenea util \u00een tratarea urticariei cronice, o afec\u021biune caracterizat\u0103 prin urticarie \u0219i m\u00e2nc\u0103rime. U\u0219urarea cu ac\u021biune rapid\u0103 \u0219i eficacitatea de 24 de ore \u00eel fac alegerea preferat\u0103 pentru multe persoane care caut\u0103 controlul zilnic al simptomelor f\u0103r\u0103 a provoca somnolen\u021b\u0103 semnificativ\u0103, un efect secundar comun al antihistaminicelor mai vechi.<\/p>\n<h2>Diferen\u021bele dintre versiunile Zyrtec \u0219i cele generice<\/h2>\n<p>Versiunile generice ale Zyrtec con\u021bin acela\u0219i ingredient activ, cetirizin\u0103, \u0219i sunt considerate bioechivalente cu versiunea de marc\u0103, ceea ce \u00eenseamn\u0103 c\u0103 func\u021bioneaz\u0103 \u00een acela\u0219i mod \u0219i ofer\u0103 acelea\u0219i beneficii clinice. Diferen\u021ba principal\u0103 dintre Zyrtec \u0219i omologii s\u0103i generici const\u0103 \u00een ingredientele inerte, care nu afecteaz\u0103 eficacitatea terapeutic\u0103 a medicamentului, dar pot influen\u021ba costul, aspectul sau tolerabilitatea pentru unii utilizatori.<\/p>\n<p>Genericele sunt adesea semnificativ mai pu\u021bin costisitoare dec\u00e2t omologii lor de marc\u0103, ceea ce le face o op\u021biune atractiv\u0103 pentru consumatorii aten\u021bi la costuri. Este important de re\u021binut c\u0103 eficacitatea \u0219i siguran\u021ba medicamentelor generice sunt evaluate riguros de organismele de reglementare, cum ar fi FDA sau EMA, \u00eenainte de aprobare.<\/p>\n<h2>Criterii de eligibilitate pentru achizi\u021bionarea Zyrtec Generic Online<\/h2>\n<p>Pentru a cump\u0103ra \u00een mod legal Zyrtec Generic online, persoanele fizice trebuie s\u0103 aib\u0103 de obicei v\u00e2rsta legal\u0103, care este de obicei 18 ani sau mai mult. \u00cen plus, \u00een func\u021bie de jurisdic\u021bie, poate fi necesar\u0103 o re\u021bet\u0103 valabil\u0103 de la un furnizor de asisten\u021b\u0103 medical\u0103 autorizat, chiar \u0219i pentru medicamentele eliberate f\u0103r\u0103 prescrip\u021bie medical\u0103 precum Zyrtec.<\/p>\n<p>De asemenea, poten\u021bialii cump\u0103r\u0103tori ar trebui s\u0103 se asigure c\u0103 cump\u0103r\u0103 de la o farmacie autorizat\u0103 care respect\u0103 reglement\u0103rile \u021b\u0103rii lor. Unele farmacii online pot solicita \u00eenregistrarea sau dovada identit\u0103\u021bii pentru a respecta standardele legale \u0219i de siguran\u021b\u0103.<\/p>\n<h2>Cum s\u0103 verifica\u021bi farmaciile online legitime<\/h2>\n<p>Verificarea legitimit\u0103\u021bii unei farmacii online este crucial\u0103 pentru a asigura siguran\u021ba \u0219i eficacitatea medicamentelor achizi\u021bionate. Farmaciile legitime sunt de obicei certificate de autorit\u0103\u021bile de s\u0103n\u0103tate na\u021bionale sau regionale, cum ar fi Asocia\u021bia Na\u021bional\u0103 a Consiliilor de Farmacie (NABP) din Statele Unite ale Americii sau Agen\u021bia de Reglementare a Medicamentului \u0219i Produselor de Asisten\u021b\u0103 medical\u0103 (MHRA) din Marea Britanie.<\/p>\n<p>Consumatorii ar trebui s\u0103 caute certific\u0103ri, cum ar fi VIPPS (site-uri de practic\u0103 pentru farmacii pe internet verificate) sau s\u0103 verifice lista farmaciilor pe site-urile web oficiale ale guvernului. Recenziile \u0219i evalu\u0103rile clien\u021bilor anteriori pot oferi, de asemenea, o perspectiv\u0103 asupra fiabilit\u0103\u021bii farmaciei \u0219i a calit\u0103\u021bii serviciilor.<\/p>\n<h2>Pa\u0219i pentru achizi\u021bionarea \u00een siguran\u021b\u0103 a Zyrtec Generic online<\/h2>\n<p>Pentru a cump\u0103ra online Zyrtec Generic \u00een siguran\u021b\u0103, \u00eencepe\u021bi prin a cerceta legitimitatea farmaciei. Verifica\u021bi certific\u0103rile \u0219i recenziile clien\u021bilor. Dup\u0103 verificare, compara\u021bi pre\u021burile pe diferite platforme pentru a v\u0103 asigura c\u0103 ob\u021bine\u021bi o ofert\u0103 corect\u0103.<\/p>\n<p>Apoi, asigura\u021bi-v\u0103 c\u0103 toate re\u021betele necesare sunt <a href=\"https:\/\/sanatateladomiciliu.org\/comanda-zyrtec-generic-online-fara-reteta\">https:\/\/sanatateladomiciliu.org\/comanda-zyrtec-generic-online-fara-reteta<\/a> disponibile cu u\u0219urin\u021b\u0103. La efectuarea achizi\u021biei, revizui\u021bi cu aten\u021bie detaliile comenzii \u0219i confirma\u021bi politica de returnare. P\u0103stra\u021bi \u00eentotdeauna o eviden\u021b\u0103 a tranzac\u021biei pentru referin\u021be viitoare, \u00een cazul \u00een care apar probleme.<\/p>\n<h2>Cerin\u021be de prescrip\u021bie pentru Zyrtec Generic<\/h2>\n<p>\u00cen multe regiuni, Zyrtec Generic poate fi achizi\u021bionat f\u0103r\u0103 prescrip\u021bie medical\u0103. Cu toate acestea, unele jurisdic\u021bii pot solicita o re\u021bet\u0103, mai ales dac\u0103 achizi\u021bia se face online. Este important s\u0103 verifica\u021bi reglement\u0103rile locale pentru a confirma dac\u0103 este necesar\u0103 o re\u021bet\u0103.<\/p>\n<p>C\u00e2nd este necesar\u0103 o re\u021bet\u0103, aceasta ar trebui eliberat\u0103 de un furnizor de asisten\u021b\u0103 medical\u0103 autorizat. Consulta\u021biile online cu practicieni autoriza\u021bi pot fi uneori suficiente pentru ob\u021binerea unei re\u021bete, cu condi\u021bia ca serviciul online s\u0103 fie legitim \u0219i recunoscut de autorit\u0103\u021bile sanitare.<\/p>\n<h2>Compararea pre\u021burilor Zyrtec Generic pe platforme<\/h2>\n<p>Compararea pre\u021burilor este o parte esen\u021bial\u0103 a achizi\u021bion\u0103rii de medicamente online. Costul Zyrtec Generic poate varia semnificativ \u00eentre diferitele farmacii online. Factorii care influen\u021beaz\u0103 aceste varia\u021bii de pre\u021b includ loca\u021bia farmaciei, costurile de transport \u0219i reducerile disponibile.<\/p>\n<p>Utilizarea site-urilor web de comparare a pre\u021burilor poate fi o abordare practic\u0103 pentru a g\u0103si cea mai bun\u0103 ofert\u0103. Cu toate acestea, cump\u0103r\u0103torii ar trebui s\u0103 r\u0103m\u00e2n\u0103 vigilen\u021bi cu privire la pre\u021burile excesiv de sc\u0103zute, care ar putea indica produse contraf\u0103cute sau opera\u021biuni frauduloase.<\/p>\n<h2>Riscuri poten\u021biale ale achizi\u021bion\u0103rii de medicamente online<\/h2>\n<p>Cump\u0103rarea de medicamente online poate prezenta mai multe riscuri, inclusiv primirea de medicamente contraf\u0103cute sau expirate, care pot fi ineficiente sau d\u0103un\u0103toare. Exist\u0103, de asemenea, poten\u021bialul de fraud\u0103 financiar\u0103 dac\u0103 farmacia nu este legitim\u0103.<\/p>\n<p>\u00cen plus, f\u0103r\u0103 \u00eendrumare profesional\u0103, consumatorii ar putea folosi gre\u0219it sau \u00een\u021belege gre\u0219it medicamentul, ceea ce duce la efecte adverse. Prin urmare, este esen\u021bial s\u0103 v\u0103 asigura\u021bi c\u0103 orice achizi\u021bie online se face prin farmacii de renume, autorizate.<\/p>\n<h2>Cum se identific\u0103 Zyrtec Generic contraf\u0103cut<\/h2>\n<p>Medicamentele contraf\u0103cute pot fi identificate prin inconsecven\u021be \u00een ambalaj, cum ar fi calitatea slab\u0103 a imprim\u0103rii sau logo-uri incorecte. Aspectul medicamentului, inclusiv dimensiunea, forma \u0219i culoarea, trebuie s\u0103 se potriveasc\u0103 cu descrierea furnizat\u0103 de produc\u0103tor.<\/p>\n<p>Dac\u0103 au \u00eendoieli, consumatorii trebuie s\u0103 contacteze direct farmacia sau produc\u0103torul medicamentului pentru verificare. Orice discrepan\u021be ar trebui raportate autorit\u0103\u021bilor de reglementare pentru a preveni distribuirea \u00een continuare a produselor contraf\u0103cute.<\/p>\n<h2>\u00cen\u021belegerea reglement\u0103rilor farmaciilor online<\/h2>\n<p>Reglement\u0103rile farmaciilor online variaz\u0103 \u00een func\u021bie de \u021bar\u0103, dar \u00een general urm\u0103resc s\u0103 asigure siguran\u021ba \u0219i eficacitatea medicamentelor v\u00e2ndute online. \u00cen UE, farmaciile trebuie s\u0103 fie certificate de autorit\u0103\u021bile na\u021bionale de s\u0103n\u0103tate \u0219i s\u0103 afi\u0219eze o sigl\u0103 comun\u0103 pe site-ul lor web, care trimite c\u0103tre o list\u0103 de farmacii online care func\u021bioneaz\u0103 legal.<\/p>\n<p>\u00cen SUA, FDA \u0219i NABP supravegheaz\u0103 reglement\u0103rile care se asigur\u0103 c\u0103 farmaciile online \u00eendeplinesc standarde \u00eenalte de siguran\u021b\u0103 \u0219i servicii. Consumatorii ar trebui s\u0103 se familiarizeze cu aceste reglement\u0103ri pentru a lua decizii informate de cump\u0103rare.<\/p>\n<h2>Depozitarea \u0219i utilizarea \u00een siguran\u021b\u0103 a Zyrtec Generic<\/h2>\n<p>Depozitarea corect\u0103 a Zyrtec Generic este esen\u021bial\u0103 pentru a-\u0219i men\u021bine eficacitatea. Trebuie p\u0103strat la temperatura camerei, ferit de umiditate \u0219i lumina direct\u0103 a soarelui. P\u0103strarea medicamentului \u00een ambalajul original poate ajuta la p\u0103strarea integrit\u0103\u021bii acestuia.<\/p>\n<p>Instruc\u021biunile de utilizare trebuie urmate cu meticulozitate pentru a evita supradozajul sau managementul ineficient al simptomelor. Este recomandabil s\u0103 v\u0103 consulta\u021bi cu un furnizor de asisten\u021b\u0103 medical\u0103 dac\u0103 exist\u0103 incertitudini cu privire la dozare sau poten\u021biale interac\u021biuni cu alte medicamente.<\/p>\n<h2>Gestionarea efectelor secundare \u0219i a reac\u021biilor alergice<\/h2>\n<p>De\u0219i efectele secundare ale Zyrtec Generic sunt relativ rare, ele pot ap\u0103rea. Reac\u021biile adverse frecvente includ somnolen\u021b\u0103, gur\u0103 uscat\u0103 \u0219i oboseal\u0103. Dac\u0103 aceste simptome persist\u0103 sau se agraveaz\u0103, se recomand\u0103 consultarea unui furnizor de asisten\u021b\u0103 medical\u0103.<\/p>\n<p>\u00cen cazuri rare, pot ap\u0103rea reac\u021bii alergice severe, cum ar fi dificult\u0103\u021bi de respira\u021bie sau umflare, care necesit\u0103 asisten\u021b\u0103 medical\u0103 imediat\u0103. Este esen\u021bial ca utilizatorii s\u0103 fie con\u0219tien\u021bi de aceste reac\u021bii poten\u021biale \u0219i s\u0103 solicite \u00eengrijire prompt\u0103, dac\u0103 este necesar.<\/p>\n<h2>Beneficiile cump\u0103r\u0103rii Zyrtec Generic Online<\/h2>\n<p>Achizi\u021bionarea online a Zyrtec Generic ofer\u0103 mai multe avantaje, inclusiv confort, pre\u021buri adesea mai mici \u0219i posibilitatea de a compara cu u\u0219urin\u021b\u0103 op\u021biunile. Farmaciile online ofer\u0103 de obicei o selec\u021bie mai larg\u0103 de produse, permi\u021b\u00e2nd consumatorilor s\u0103 g\u0103seasc\u0103 formula specific\u0103 de care au nevoie.<\/p>\n<p>Mai mult dec\u00e2t at\u00e2t, achizi\u021bia online poate economisi timp \u0219i efort, elimin\u00e2nd nevoia de a vizita o farmacie fizic\u0103. Cu m\u0103surile de precau\u021bie adecvate, poate fi o modalitate sigur\u0103 \u0219i eficient\u0103 de a gestiona simptomele alergiei.<\/p>\n<h2>\u00centreb\u0103ri frecvente despre achizi\u021biile online generice Zyrtec<\/h2>\n<p>Mul\u021bi consumatori au \u00eentreb\u0103ri despre siguran\u021ba \u0219i fiabilitatea cump\u0103r\u0103rii Zyrtec Generic online. Preocup\u0103rile comune includ legitimitatea farmaciilor online, acurate\u021bea descrierilor produselor \u0219i securitatea pl\u0103\u021bilor online.<\/p>\n<p>Pentru a r\u0103spunde acestor preocup\u0103ri, cump\u0103r\u0103torii ar trebui s\u0103 caute farmacii cu reputa\u021bie puternic\u0103, certific\u0103ri verificate \u0219i canale clare de servicii pentru clien\u021bi. \u00cen plus, \u00een\u021belegerea politicilor de confiden\u021bialitate \u0219i returnare ale farmaciei poate oferi lini\u0219te sufleteasc\u0103.<\/p>\n<h2>Tendin\u021be viitoare \u00een achizi\u021biile online de produse farmaceutice<\/h2>\n<p>Viitorul achizi\u021biilor online de produse farmaceutice va fi probabil modelat de progresele tehnologice \u0219i de peisajele de reglementare \u00een evolu\u021bie. Pe m\u0103sur\u0103 ce mai mul\u021bi consumatori apeleaz\u0103 la solu\u021bii online, se a\u0219teapt\u0103 ca farmaciile s\u0103-\u0219i \u00eembun\u0103t\u0103\u021beasc\u0103 platformele digitale pentru o experien\u021b\u0103 mai bun\u0103 pentru utilizatori.<\/p>\n<p>Inova\u021bii precum telemedicina \u0219i inteligen\u021ba artificial\u0103 pot simplifica \u0219i mai mult procesul de cump\u0103rare, oferind recomand\u0103ri personalizate \u0219i \u00eembun\u0103t\u0103\u021bind aderarea la medicamente. Cu toate acestea, provocarea va r\u0103m\u00e2ne de a echilibra confortul cu nevoia de m\u0103suri stricte de siguran\u021b\u0103.<\/p>\n","protected":false},"excerpt":{"rendered":"<p>Cump\u0103rarea Zyrtec Generic online: eligibilitate \u0219i \u00eendrum\u0103ri Navigarea prin achizi\u021bionarea online a Zyrtec Generic necesit\u0103 [&hellip;]<\/p>\n","protected":false},"author":1,"featured_media":0,"parent":0,"menu_order":0,"comment_status":"closed","ping_status":"closed","template":"","meta":{"footnotes":""},"class_list":["post-39466","page","type-page","status-publish","hentry"],"_links":{"self":[{"href":"https:\/\/pematekfcvac.unisel.edu.my\/index.php?rest_route=\/wp\/v2\/pages\/39466","targetHints":{"allow":["GET"]}}],"collection":[{"href":"https:\/\/pematekfcvac.unisel.edu.my\/index.php?rest_route=\/wp\/v2\/pages"}],"about":[{"href":"https:\/\/pematekfcvac.unisel.edu.my\/index.php?rest_route=\/wp\/v2\/types\/page"}],"author":[{"embeddable":true,"href":"https:\/\/pematekfcvac.unisel.edu.my\/index.php?rest_route=\/wp\/v2\/users\/1"}],"replies":[{"embeddable":true,"href":"https:\/\/pematekfcvac.unisel.edu.my\/index.php?rest_route=%2Fwp%2Fv2%2Fcomments&post=39466"}],"version-history":[{"count":1,"href":"https:\/\/pematekfcvac.unisel.edu.my\/index.php?rest_route=\/wp\/v2\/pages\/39466\/revisions"}],"predecessor-version":[{"id":39467,"href":"https:\/\/pematekfcvac.unisel.edu.my\/index.php?rest_route=\/wp\/v2\/pages\/39466\/revisions\/39467"}],"wp:attachment":[{"href":"https:\/\/pematekfcvac.unisel.edu.my\/index.php?rest_route=%2Fwp%2Fv2%2Fmedia&parent=39466"}],"curies":[{"name":"wp","href":"https:\/\/api.w.org\/{rel}","templated":true}]}}